{"id":40,"date":"2016-06-20T09:57:45","date_gmt":"2016-06-20T09:57:45","guid":{"rendered":"http:\/\/associacaomaceira.pt\/?page_id=40"},"modified":"2021-06-30T13:28:13","modified_gmt":"2021-06-30T13:28:13","slug":"missao-visao-e-valores","status":"publish","type":"page","link":"http:\/\/associacaomaceira.pt\/index.php\/sobre-nos\/missao-visao-e-valores\/","title":{"rendered":"Miss\u00e3o, Vis\u00e3o e Valores"},"content":{"rendered":"<p>.A Associa\u00e7\u00e3o de Maceira tem por <strong>Miss\u00e3o<\/strong> contribuir para o desenvolvimento social local e para o bem-estar dos seus utentes\/clientes, atrav\u00e9s de um conjunto de respostas e servi\u00e7os prestados com excel\u00eancia e qualidade, em conson\u00e2ncia com as necessidades locais e as exig\u00eancias de uma vida condigna.<\/p>\n<p>A sua ac\u00e7\u00e3o rege-se pelos <strong>Valores<\/strong> de Igualdade, Respeito, Integridade, Honestidade, Confian\u00e7a, Justi\u00e7a, Toler\u00e2ncia, Solidariedade e Responsabilidade.<\/p>\n<p>Na sua interven\u00e7\u00e3o presidem, entre outros, os <strong>Princ\u00edpios<\/strong> da coopera\u00e7\u00e3o, da democraticidade, da representatividade e da independ\u00eancia (politica, religiosa, ou outra)<\/p>\n<p>Tem como <strong>Vis\u00e3o<\/strong> ser reconhecida como uma Institui\u00e7\u00e3o de excel\u00eancia que assume a centralidade da Pessoa Humana como o seu principal compromisso, bem como, a promo\u00e7\u00e3o do seu bem-estar e qualidade de vida.<\/p>\n","protected":false},"excerpt":{"rendered":"<p>.A Associa\u00e7\u00e3o de Maceira tem por Miss\u00e3o contribuir para o desenvolvimento social local e para o bem-estar dos seus utentes\/clientes, atrav\u00e9s de um conjunto de respostas e servi\u00e7os prestados com excel\u00eancia e<a class=\"moretag\" href=\"http:\/\/associacaomaceira.pt\/index.php\/sobre-nos\/missao-visao-e-valores\/\">Read More&#8230;<\/a><\/p>\n","protected":false},"author":1,"featured_media":0,"parent":17,"menu_order":2,"comment_status":"closed","ping_status":"closed","template":"page-sidebar.php","meta":[],"_links":{"self":[{"href":"http:\/\/associacaomaceira.pt\/index.php\/wp-json\/wp\/v2\/pages\/40"}],"collection":[{"href":"http:\/\/associacaomaceira.pt\/index.php\/wp-json\/wp\/v2\/pages"}],"about":[{"href":"http:\/\/associacaomaceira.pt\/index.php\/wp-json\/wp\/v2\/types\/page"}],"author":[{"embeddable":true,"href":"http:\/\/associacaomaceira.pt\/index.php\/wp-json\/wp\/v2\/users\/1"}],"replies":[{"embeddable":true,"href":"http:\/\/associacaomaceira.pt\/index.php\/wp-json\/wp\/v2\/comments?post=40"}],"version-history":[{"count":3,"href":"http:\/\/associacaomaceira.pt\/index.php\/wp-json\/wp\/v2\/pages\/40\/revisions"}],"predecessor-version":[{"id":412,"href":"http:\/\/associacaomaceira.pt\/index.php\/wp-json\/wp\/v2\/pages\/40\/revisions\/412"}],"up":[{"embeddable":true,"href":"http:\/\/associacaomaceira.pt\/index.php\/wp-json\/wp\/v2\/pages\/17"}],"wp:attachment":[{"href":"http:\/\/associacaomaceira.pt\/index.php\/wp-json\/wp\/v2\/media?parent=40"}],"curies":[{"name":"wp","href":"https:\/\/api.w.org\/{rel}","templated":true}]}}

Missão, Visão e Valores

<p>.A Associação de Maceira tem por <strong>Missão</strong> contribuir para o desenvolvimento social local e para o bem-estar dos seus utentes/clientes, através de um conjunto de respostas e serviços prestados com excelência e qualidade, em consonância com as necessidades locais e as exigências de uma vida condigna.</p>
<p>A sua acção rege-se pelos <strong>Valores</strong> de Igualdade, Respeito, Integridade, Honestidade, Confiança, Justiça, Tolerância, Solidariedade e Responsabilidade.</p>
<p>Na sua intervenção presidem, entre outros, os <strong>Princípios</strong> da cooperação, da democraticidade, da representatividade e da independência (politica, religiosa, ou outra)</p>
<p>Tem como <strong>Visão</strong> ser reconhecida como uma Instituição de excelência que assume a centralidade da Pessoa Humana como o seu principal compromisso, bem como, a promoção do seu bem-estar e qualidade de vida.</p>

<p>.A Associação de Maceira tem por Missão contribuir para o desenvolvimento social local e para o bem-estar dos seus utentes/clientes, através de um conjunto de respostas e serviços prestados com excelência e<a class="moretag" href="http://associacaomaceira.pt/index.php/sobre-nos/missao-visao-e-valores/">Read More&#8230;</a></p>
