{"id":101,"date":"2017-05-31T15:09:59","date_gmt":"2017-05-31T15:09:59","guid":{"rendered":"http:\/\/associacaomaceira.pt\/?page_id=101"},"modified":"2019-01-02T11:03:53","modified_gmt":"2019-01-02T11:03:53","slug":"edp-solidaria","status":"publish","type":"page","link":"https:\/\/associacaomaceira.pt\/index.php\/projetos\/edp-solidaria\/","title":{"rendered":"Hostel Entryfik"},"content":{"rendered":"<p><a href=\"https:\/\/www.booking.com\/hotel\/pt\/hostel-entryfik.pt-pt.html?aid=311098;label=hostel-entryfik-PvU%2AM2KBddWznF6auPMPWwS261875029629%3Apl%3Ata%3Ap1%3Ap2%3Aac%3Aap1t1%3Aneg%3Afi%3Atiaud-285284110726%3Akwd-209374263892%3Alp20872%3Ali%3Adec%3Adm;sid=41057de981dc0d4de2470dfaff6f3824;dest_id=-2168348;dest_type=city;dist=0;hapos=1;hpos=1;room1=A%2CA;sb_price_type=total;srepoch=1545921010;srfid=f28b249dc49582448116e87e29c2329b61f44cc8X1;srpvid=823d65f91bf60218;type=total;ucfs=1\ufffd\"><img loading=\"lazy\" class=\"size-medium wp-image-184 alignright\" src=\"http:\/\/associacaomaceira.pt\/wp-content\/uploads\/2017\/05\/EntryFik-300x300.png\" alt=\"EntryFik\" width=\"300\" height=\"300\" srcset=\"https:\/\/associacaomaceira.pt\/wp-content\/uploads\/2017\/05\/EntryFik-300x300.png 300w, https:\/\/associacaomaceira.pt\/wp-content\/uploads\/2017\/05\/EntryFik-150x150.png 150w, https:\/\/associacaomaceira.pt\/wp-content\/uploads\/2017\/05\/EntryFik.png 600w\" sizes=\"(max-width: 300px) 100vw, 300px\" \/><\/a>O Hostel EntryFik est\u00e1 equipado com 23 camas, distribu\u00eddas por tr\u00eas camaratas, no edif\u00edcio principal, e uma suite, que funciona \u00e0 parte, destinada a casais e fam\u00edlias. Uma dormida com pequeno-almo\u00e7o custa cerca de 15 euros.<\/p>\n<p>O hostel localiza-se na freguesia de Maceira, Serra da Estrela, no concelho de Fornos de Algodres, distrito da Guarda.<\/p>\n<p>A nova unidade hoteleira nasceu por iniciativa da Associa\u00e7\u00e3o de Promo\u00e7\u00e3o Social, Recreativa, Desportiva e Humanit\u00e1ria de Maceira e teve o apoio da Funda\u00e7\u00e3o EDP, que apoiou a sua concretiza\u00e7\u00e3o, num investimento or\u00e7ado em 80 mil euros.<\/p>\n<p>Para mais informa\u00e7\u00f5es poder\u00e1 consultar o site do hostel em <a href=\"http:\/\/www.hostelentryfik.com\">www.hostelentryfik.com<\/a><\/p>\n<p><strong>Apoio:<\/strong><br \/>\n<img loading=\"lazy\" class=\"alignleft wp-image-195 size-medium\" src=\"http:\/\/associacaomaceira.pt\/wp-content\/uploads\/2017\/05\/Logo-funda\u00e7ao-edp-300x96.png\" alt=\"Logo funda\u00e7ao edp\" width=\"300\" height=\"96\" srcset=\"https:\/\/associacaomaceira.pt\/wp-content\/uploads\/2017\/05\/Logo-funda\u00e7ao-edp-300x96.png 300w, https:\/\/associacaomaceira.pt\/wp-content\/uploads\/2017\/05\/Logo-funda\u00e7ao-edp.png 395w\" sizes=\"(max-width: 300px) 100vw, 300px\" \/><\/p>\n","protected":false},"excerpt":{"rendered":"<p>O Hostel EntryFik est\u00e1 equipado com 23 camas, distribu\u00eddas por tr\u00eas camaratas, no edif\u00edcio principal, e uma suite, que funciona \u00e0 parte, destinada a casais e fam\u00edlias. Uma dormida com pequeno-almo\u00e7o custa<a class=\"moretag\" href=\"https:\/\/associacaomaceira.pt\/index.php\/projetos\/edp-solidaria\/\">Read More&#8230;<\/a><\/p>\n","protected":false},"author":1,"featured_media":0,"parent":59,"menu_order":0,"comment_status":"closed","ping_status":"closed","template":"page-sidebar.php","meta":[],"_links":{"self":[{"href":"https:\/\/associacaomaceira.pt\/index.php\/wp-json\/wp\/v2\/pages\/101"}],"collection":[{"href":"https:\/\/associacaomaceira.pt\/index.php\/wp-json\/wp\/v2\/pages"}],"about":[{"href":"https:\/\/associacaomaceira.pt\/index.php\/wp-json\/wp\/v2\/types\/page"}],"author":[{"embeddable":true,"href":"https:\/\/associacaomaceira.pt\/index.php\/wp-json\/wp\/v2\/users\/1"}],"replies":[{"embeddable":true,"href":"https:\/\/associacaomaceira.pt\/index.php\/wp-json\/wp\/v2\/comments?post=101"}],"version-history":[{"count":17,"href":"https:\/\/associacaomaceira.pt\/index.php\/wp-json\/wp\/v2\/pages\/101\/revisions"}],"predecessor-version":[{"id":310,"href":"https:\/\/associacaomaceira.pt\/index.php\/wp-json\/wp\/v2\/pages\/101\/revisions\/310"}],"up":[{"embeddable":true,"href":"https:\/\/associacaomaceira.pt\/index.php\/wp-json\/wp\/v2\/pages\/59"}],"wp:attachment":[{"href":"https:\/\/associacaomaceira.pt\/index.php\/wp-json\/wp\/v2\/media?parent=101"}],"curies":[{"name":"wp","href":"https:\/\/api.w.org\/{rel}","templated":true}]}}

<p><a href="https://www.booking.com/hotel/pt/hostel-entryfik.pt-pt.html?aid=311098;label=hostel-entryfik-PvU%2AM2KBddWznF6auPMPWwS261875029629%3Apl%3Ata%3Ap1%3Ap2%3Aac%3Aap1t1%3Aneg%3Afi%3Atiaud-285284110726%3Akwd-209374263892%3Alp20872%3Ali%3Adec%3Adm;sid=41057de981dc0d4de2470dfaff6f3824;dest_id=-2168348;dest_type=city;dist=0;hapos=1;hpos=1;room1=A%2CA;sb_price_type=total;srepoch=1545921010;srfid=f28b249dc49582448116e87e29c2329b61f44cc8X1;srpvid=823d65f91bf60218;type=total;ucfs=1�"><img loading="lazy" class="size-medium wp-image-184 alignright" src="http://associacaomaceira.pt/wp-content/uploads/2017/05/EntryFik-300x300.png" alt="EntryFik" width="300" height="300" srcset="https://associacaomaceira.pt/wp-content/uploads/2017/05/EntryFik-300x300.png 300w, https://associacaomaceira.pt/wp-content/uploads/2017/05/EntryFik-150x150.png 150w, https://associacaomaceira.pt/wp-content/uploads/2017/05/EntryFik.png 600w" sizes="(max-width: 300px) 100vw, 300px" /></a>O Hostel EntryFik está equipado com 23 camas, distribuídas por três camaratas, no edifício principal, e uma suite, que funciona à parte, destinada a casais e famílias. Uma dormida com pequeno-almoço custa cerca de 15 euros.</p>
<p>O hostel localiza-se na freguesia de Maceira, Serra da Estrela, no concelho de Fornos de Algodres, distrito da Guarda.</p>
<p>A nova unidade hoteleira nasceu por iniciativa da Associação de Promoção Social, Recreativa, Desportiva e Humanitária de Maceira e teve o apoio da Fundação EDP, que apoiou a sua concretização, num investimento orçado em 80 mil euros.</p>
<p>Para mais informações poderá consultar o site do hostel em <a href="http://www.hostelentryfik.com">www.hostelentryfik.com</a></p>
<p><strong>Apoio:</strong><br />
<img loading="lazy" class="alignleft wp-image-195 size-medium" src="http://associacaomaceira.pt/wp-content/uploads/2017/05/Logo-fundaçao-edp-300x96.png" alt="Logo fundaçao edp" width="300" height="96" srcset="https://associacaomaceira.pt/wp-content/uploads/2017/05/Logo-fundaçao-edp-300x96.png 300w, https://associacaomaceira.pt/wp-content/uploads/2017/05/Logo-fundaçao-edp.png 395w" sizes="(max-width: 300px) 100vw, 300px" /></p>

<p>O Hostel EntryFik está equipado com 23 camas, distribuídas por três camaratas, no edifício principal, e uma suite, que funciona à parte, destinada a casais e famílias. Uma dormida com pequeno-almoço custa<a class="moretag" href="https://associacaomaceira.pt/index.php/projetos/edp-solidaria/">Read More&#8230;</a></p>
