{"id":103,"date":"2017-05-31T15:10:19","date_gmt":"2017-05-31T15:10:19","guid":{"rendered":"http:\/\/associacaomaceira.pt\/?page_id=103"},"modified":"2019-01-02T11:04:43","modified_gmt":"2019-01-02T11:04:43","slug":"erasmus-juventude-em-acao","status":"publish","type":"page","link":"https:\/\/associacaomaceira.pt\/index.php\/projetos\/erasmus-juventude-em-acao\/","title":{"rendered":"ERASMUS +  Juventude em A\u00e7\u00e3o"},"content":{"rendered":"<p>No \u00e2mbito do Programa Erasmus + \u00e9 poss\u00edvel promover projetos como Interc\u00e2mbios de Jovens e Cursos de Forma\u00e7\u00e3o \/ Semin\u00e1rios. Estes projetos permitem juntar grupos de jovens de dois ou mais pa\u00edses, proporcionando-lhes a oportunidade de discutirem e confrontarem v\u00e1rios temas, ao mesmo tempo que aprendem sobre o pa\u00eds e a cultura de cada um.<\/p>\n<p>A Associa\u00e7\u00e3o de Maceira j\u00e1 desenvolveu os seguintes Interc\u00e2mbios de Jovens e Cursos de Forma\u00e7\u00e3o\/Semin\u00e1rios:<\/p>\n<p><strong>GUIDE TO ERASMUS+ APPLICATIONS<\/strong><\/p>\n<p>Mobility of youth workers (Erasmus+)<\/p>\n<p><a href=\"https:\/\/www.facebook.com\/associacaopsrdh.maceira\/videos\/1112162192288430\/UzpfSTEwMDAwNDgzOTc4MjA3MjpWSzoxODk2MTQxNDI3MzQ5MzE0\/\"><img loading=\"lazy\" class=\"alignleft wp-image-212 size-medium\" src=\"http:\/\/associacaomaceira.pt\/wp-content\/uploads\/2017\/05\/Guide-to-Erasmus-Applications-300x300.jpg\" alt=\"Guide to Erasmus+ Applications\" width=\"300\" height=\"300\" srcset=\"https:\/\/associacaomaceira.pt\/wp-content\/uploads\/2017\/05\/Guide-to-Erasmus-Applications-300x300.jpg 300w, https:\/\/associacaomaceira.pt\/wp-content\/uploads\/2017\/05\/Guide-to-Erasmus-Applications-150x150.jpg 150w, https:\/\/associacaomaceira.pt\/wp-content\/uploads\/2017\/05\/Guide-to-Erasmus-Applications-768x768.jpg 768w, https:\/\/associacaomaceira.pt\/wp-content\/uploads\/2017\/05\/Guide-to-Erasmus-Applications.jpg 960w\" sizes=\"(max-width: 300px) 100vw, 300px\" \/><\/a><\/p>\n<p>&nbsp;<\/p>\n<p>&nbsp;<\/p>\n<p>&nbsp;<\/p>\n<p>&nbsp;<\/p>\n<p>&nbsp;<\/p>\n<p>&nbsp;<\/p>\n<p>&nbsp;<\/p>\n<p><strong>HEALTHY BODY, EUROPEAN SPIRIT<\/strong><\/p>\n<p>Youth Exchanges (Erasmus+)<\/p>\n<p>As atividades desenvolvidas poder\u00e3o ser consultadas em:<\/p>\n<p><img loading=\"lazy\" class=\"size-medium wp-image-215 alignleft\" src=\"http:\/\/associacaomaceira.pt\/wp-content\/uploads\/2017\/05\/HEALTHY-BODY-EUROPEAN-SPIRIT-300x300.jpg\" alt=\"HEALTHY BODY, EUROPEAN SPIRIT\" width=\"300\" height=\"300\" srcset=\"https:\/\/associacaomaceira.pt\/wp-content\/uploads\/2017\/05\/HEALTHY-BODY-EUROPEAN-SPIRIT-300x300.jpg 300w, https:\/\/associacaomaceira.pt\/wp-content\/uploads\/2017\/05\/HEALTHY-BODY-EUROPEAN-SPIRIT-150x150.jpg 150w, https:\/\/associacaomaceira.pt\/wp-content\/uploads\/2017\/05\/HEALTHY-BODY-EUROPEAN-SPIRIT-768x768.jpg 768w, https:\/\/associacaomaceira.pt\/wp-content\/uploads\/2017\/05\/HEALTHY-BODY-EUROPEAN-SPIRIT.jpg 960w\" sizes=\"(max-width: 300px) 100vw, 300px\" \/><\/p>\n<p>&nbsp;<\/p>\n<p>&nbsp;<\/p>\n<p>&nbsp;<\/p>\n<p>&nbsp;<\/p>\n<p>&nbsp;<\/p>\n<p>&nbsp;<\/p>\n<p>&nbsp;<\/p>\n<p><strong>Recycling the Future! \u2013 Sustainable Development Youth Exchange!<\/strong><\/p>\n<p>Mobility of youth workers (Erasmus+)<\/p>\n<p><img loading=\"lazy\" class=\"size-medium wp-image-216 alignleft\" src=\"http:\/\/associacaomaceira.pt\/wp-content\/uploads\/2017\/05\/Recycling-the-Future-Sustainable-Development-Youth-Exchange-300x169.jpg\" alt=\"Recycling the Future Sustainable Development Youth Exchange\" width=\"300\" height=\"169\" srcset=\"https:\/\/associacaomaceira.pt\/wp-content\/uploads\/2017\/05\/Recycling-the-Future-Sustainable-Development-Youth-Exchange-300x169.jpg 300w, https:\/\/associacaomaceira.pt\/wp-content\/uploads\/2017\/05\/Recycling-the-Future-Sustainable-Development-Youth-Exchange-768x432.jpg 768w, https:\/\/associacaomaceira.pt\/wp-content\/uploads\/2017\/05\/Recycling-the-Future-Sustainable-Development-Youth-Exchange.jpg 960w\" sizes=\"(max-width: 300px) 100vw, 300px\" \/><\/p>\n<p>&nbsp;<\/p>\n<p>&nbsp;<\/p>\n<p>&nbsp;<\/p>\n<p>&nbsp;<\/p>\n<p><strong>E-Youth, E-Learning<\/strong><\/p>\n<p>Mobility of youth workers (Erasmus+)<\/p>\n<p><img loading=\"lazy\" class=\"size-medium wp-image-217 alignleft\" src=\"http:\/\/associacaomaceira.pt\/wp-content\/uploads\/2017\/05\/E-Youth-E-Learning-300x201.jpg\" alt=\"E-Youth, E-Learning\" width=\"300\" height=\"201\" srcset=\"https:\/\/associacaomaceira.pt\/wp-content\/uploads\/2017\/05\/E-Youth-E-Learning-300x201.jpg 300w, https:\/\/associacaomaceira.pt\/wp-content\/uploads\/2017\/05\/E-Youth-E-Learning-768x514.jpg 768w, https:\/\/associacaomaceira.pt\/wp-content\/uploads\/2017\/05\/E-Youth-E-Learning-1024x685.jpg 1024w, https:\/\/associacaomaceira.pt\/wp-content\/uploads\/2017\/05\/E-Youth-E-Learning.jpg 2048w\" sizes=\"(max-width: 300px) 100vw, 300px\" \/><\/p>\n<p>&nbsp;<\/p>\n<p>&nbsp;<\/p>\n<p>&nbsp;<\/p>\n<p>&nbsp;<\/p>\n<p>&nbsp;<\/p>\n<p><strong>Apoio:<\/strong><\/p>\n<p><img loading=\"lazy\" class=\"size-medium wp-image-210 alignleft\" src=\"http:\/\/associacaomaceira.pt\/wp-content\/uploads\/2017\/05\/logo-erasmus-300x98.png\" alt=\"logo erasmus\" width=\"300\" height=\"98\" srcset=\"https:\/\/associacaomaceira.pt\/wp-content\/uploads\/2017\/05\/logo-erasmus-300x98.png 300w, https:\/\/associacaomaceira.pt\/wp-content\/uploads\/2017\/05\/logo-erasmus.png 328w\" sizes=\"(max-width: 300px) 100vw, 300px\" \/><\/p>\n","protected":false},"excerpt":{"rendered":"<p>No \u00e2mbito do Programa Erasmus + \u00e9 poss\u00edvel promover projetos como Interc\u00e2mbios de Jovens e Cursos de Forma\u00e7\u00e3o \/ Semin\u00e1rios. Estes projetos permitem juntar grupos de jovens de dois ou mais pa\u00edses,<a class=\"moretag\" href=\"https:\/\/associacaomaceira.pt\/index.php\/projetos\/erasmus-juventude-em-acao\/\">Read More&#8230;<\/a><\/p>\n","protected":false},"author":1,"featured_media":0,"parent":59,"menu_order":0,"comment_status":"closed","ping_status":"closed","template":"page-sidebar.php","meta":[],"_links":{"self":[{"href":"https:\/\/associacaomaceira.pt\/index.php\/wp-json\/wp\/v2\/pages\/103"}],"collection":[{"href":"https:\/\/associacaomaceira.pt\/index.php\/wp-json\/wp\/v2\/pages"}],"about":[{"href":"https:\/\/associacaomaceira.pt\/index.php\/wp-json\/wp\/v2\/types\/page"}],"author":[{"embeddable":true,"href":"https:\/\/associacaomaceira.pt\/index.php\/wp-json\/wp\/v2\/users\/1"}],"replies":[{"embeddable":true,"href":"https:\/\/associacaomaceira.pt\/index.php\/wp-json\/wp\/v2\/comments?post=103"}],"version-history":[{"count":13,"href":"https:\/\/associacaomaceira.pt\/index.php\/wp-json\/wp\/v2\/pages\/103\/revisions"}],"predecessor-version":[{"id":300,"href":"https:\/\/associacaomaceira.pt\/index.php\/wp-json\/wp\/v2\/pages\/103\/revisions\/300"}],"up":[{"embeddable":true,"href":"https:\/\/associacaomaceira.pt\/index.php\/wp-json\/wp\/v2\/pages\/59"}],"wp:attachment":[{"href":"https:\/\/associacaomaceira.pt\/index.php\/wp-json\/wp\/v2\/media?parent=103"}],"curies":[{"name":"wp","href":"https:\/\/api.w.org\/{rel}","templated":true}]}}

ERASMUS +  Juventude em Ação

<p>No âmbito do Programa Erasmus + é possível promover projetos como Intercâmbios de Jovens e Cursos de Formação / Seminários. Estes projetos permitem juntar grupos de jovens de dois ou mais países, proporcionando-lhes a oportunidade de discutirem e confrontarem vários temas, ao mesmo tempo que aprendem sobre o país e a cultura de cada um.</p>
<p>A Associação de Maceira já desenvolveu os seguintes Intercâmbios de Jovens e Cursos de Formação/Seminários:</p>
<p><strong>GUIDE TO ERASMUS+ APPLICATIONS</strong></p>
<p>Mobility of youth workers (Erasmus+)</p>
<p><a href="https://www.facebook.com/associacaopsrdh.maceira/videos/1112162192288430/UzpfSTEwMDAwNDgzOTc4MjA3MjpWSzoxODk2MTQxNDI3MzQ5MzE0/"><img loading="lazy" class="alignleft wp-image-212 size-medium" src="http://associacaomaceira.pt/wp-content/uploads/2017/05/Guide-to-Erasmus-Applications-300x300.jpg" alt="Guide to Erasmus+ Applications" width="300" height="300" srcset="https://associacaomaceira.pt/wp-content/uploads/2017/05/Guide-to-Erasmus-Applications-300x300.jpg 300w, https://associacaomaceira.pt/wp-content/uploads/2017/05/Guide-to-Erasmus-Applications-150x150.jpg 150w, https://associacaomaceira.pt/wp-content/uploads/2017/05/Guide-to-Erasmus-Applications-768x768.jpg 768w, https://associacaomaceira.pt/wp-content/uploads/2017/05/Guide-to-Erasmus-Applications.jpg 960w" sizes="(max-width: 300px) 100vw, 300px" /></a></p>
<p>&nbsp;</p>
<p>&nbsp;</p>
<p>&nbsp;</p>
<p>&nbsp;</p>
<p>&nbsp;</p>
<p>&nbsp;</p>
<p>&nbsp;</p>
<p><strong>HEALTHY BODY, EUROPEAN SPIRIT</strong></p>
<p>Youth Exchanges (Erasmus+)</p>
<p>As atividades desenvolvidas poderão ser consultadas em:</p>
<p><img loading="lazy" class="size-medium wp-image-215 alignleft" src="http://associacaomaceira.pt/wp-content/uploads/2017/05/HEALTHY-BODY-EUROPEAN-SPIRIT-300x300.jpg" alt="HEALTHY BODY, EUROPEAN SPIRIT" width="300" height="300" srcset="https://associacaomaceira.pt/wp-content/uploads/2017/05/HEALTHY-BODY-EUROPEAN-SPIRIT-300x300.jpg 300w, https://associacaomaceira.pt/wp-content/uploads/2017/05/HEALTHY-BODY-EUROPEAN-SPIRIT-150x150.jpg 150w, https://associacaomaceira.pt/wp-content/uploads/2017/05/HEALTHY-BODY-EUROPEAN-SPIRIT-768x768.jpg 768w, https://associacaomaceira.pt/wp-content/uploads/2017/05/HEALTHY-BODY-EUROPEAN-SPIRIT.jpg 960w" sizes="(max-width: 300px) 100vw, 300px" /></p>
<p>&nbsp;</p>
<p>&nbsp;</p>
<p>&nbsp;</p>
<p>&nbsp;</p>
<p>&nbsp;</p>
<p>&nbsp;</p>
<p>&nbsp;</p>
<p><strong>Recycling the Future! – Sustainable Development Youth Exchange!</strong></p>
<p>Mobility of youth workers (Erasmus+)</p>
<p><img loading="lazy" class="size-medium wp-image-216 alignleft" src="http://associacaomaceira.pt/wp-content/uploads/2017/05/Recycling-the-Future-Sustainable-Development-Youth-Exchange-300x169.jpg" alt="Recycling the Future Sustainable Development Youth Exchange" width="300" height="169" srcset="https://associacaomaceira.pt/wp-content/uploads/2017/05/Recycling-the-Future-Sustainable-Development-Youth-Exchange-300x169.jpg 300w, https://associacaomaceira.pt/wp-content/uploads/2017/05/Recycling-the-Future-Sustainable-Development-Youth-Exchange-768x432.jpg 768w, https://associacaomaceira.pt/wp-content/uploads/2017/05/Recycling-the-Future-Sustainable-Development-Youth-Exchange.jpg 960w" sizes="(max-width: 300px) 100vw, 300px" /></p>
<p>&nbsp;</p>
<p>&nbsp;</p>
<p>&nbsp;</p>
<p>&nbsp;</p>
<p><strong>E-Youth, E-Learning</strong></p>
<p>Mobility of youth workers (Erasmus+)</p>
<p><img loading="lazy" class="size-medium wp-image-217 alignleft" src="http://associacaomaceira.pt/wp-content/uploads/2017/05/E-Youth-E-Learning-300x201.jpg" alt="E-Youth, E-Learning" width="300" height="201" srcset="https://associacaomaceira.pt/wp-content/uploads/2017/05/E-Youth-E-Learning-300x201.jpg 300w, https://associacaomaceira.pt/wp-content/uploads/2017/05/E-Youth-E-Learning-768x514.jpg 768w, https://associacaomaceira.pt/wp-content/uploads/2017/05/E-Youth-E-Learning-1024x685.jpg 1024w, https://associacaomaceira.pt/wp-content/uploads/2017/05/E-Youth-E-Learning.jpg 2048w" sizes="(max-width: 300px) 100vw, 300px" /></p>
<p>&nbsp;</p>
<p>&nbsp;</p>
<p>&nbsp;</p>
<p>&nbsp;</p>
<p>&nbsp;</p>
<p><strong>Apoio:</strong></p>
<p><img loading="lazy" class="size-medium wp-image-210 alignleft" src="http://associacaomaceira.pt/wp-content/uploads/2017/05/logo-erasmus-300x98.png" alt="logo erasmus" width="300" height="98" srcset="https://associacaomaceira.pt/wp-content/uploads/2017/05/logo-erasmus-300x98.png 300w, https://associacaomaceira.pt/wp-content/uploads/2017/05/logo-erasmus.png 328w" sizes="(max-width: 300px) 100vw, 300px" /></p>

<p>No âmbito do Programa Erasmus + é possível promover projetos como Intercâmbios de Jovens e Cursos de Formação / Seminários. Estes projetos permitem juntar grupos de jovens de dois ou mais países,<a class="moretag" href="https://associacaomaceira.pt/index.php/projetos/erasmus-juventude-em-acao/">Read More&#8230;</a></p>
