{"id":336,"date":"2020-01-29T11:51:53","date_gmt":"2020-01-29T11:51:53","guid":{"rendered":"http:\/\/associacaomaceira.pt\/?page_id=336"},"modified":"2020-01-29T11:51:53","modified_gmt":"2020-01-29T11:51:53","slug":"campo-de-trabalho-internacional","status":"publish","type":"page","link":"https:\/\/associacaomaceira.pt\/index.php\/projetos\/campo-de-trabalho-internacional\/","title":{"rendered":"Campo de Trabalho Internacional"},"content":{"rendered":"<p class=\"x_MsoNormal\">Os Campos de Trabalho Internacional visam promover a mobilidade\u00a0e o interc\u00e2mbio de jovens atrav\u00e9s de atividades que incentivem a troca de experi\u00eancias e o conhecimento de novas realidades socioculturais, facilitando o relacionamento de jovens portugueses com jovens de outros pa\u00edses dentro do concelho de Fornos de Algodres,\u00a0capazes de dar respostas formativas, obtidas atrav\u00e9s\u00a0de processos educativos n\u00e3o formais, designadamente interculturais. Os Campos de Trabalho Internacional dirigem-se a jovens portugueses e estrangeiros, com<b>\u00a0<\/b><strong>idades entre os 18 e os 30 anos<\/strong><b>.<\/b><\/p>\n<p class=\"x_MsoNormal\">A Associa\u00e7\u00e3o de Maceira j\u00e1 desenvolveu os seguintes Campos de Trabalho Internacional:<\/p>\n<p class=\"x_MsoNormal\"><b><span lang=\"EN-US\">Workcamp: Forest Fires -Let&#8217;s Clean to Prevent<\/span><\/b><\/p>\n<p class=\"x_MsoNormal\"><img loading=\"lazy\" class=\" wp-image-337 alignleft\" src=\"http:\/\/associacaomaceira.pt\/wp-content\/uploads\/2020\/01\/cti-300x225.jpg\" alt=\"cti\" width=\"438\" height=\"327\" \/><\/p>\n<p class=\"x_MsoNormal\">\n<p class=\"x_MsoNormal\">\n<p class=\"x_MsoNormal\">\n<p class=\"x_MsoNormal\">\n<p class=\"x_MsoNormal\">\n<p class=\"x_MsoNormal\">\n<p class=\"x_MsoNormal\">\n<p class=\"x_MsoNormal\">\n<p class=\"x_MsoNormal\">Apoios:<\/p>\n<p class=\"x_MsoNormal\"><img loading=\"lazy\" class=\"size-medium wp-image-338 alignleft\" src=\"http:\/\/associacaomaceira.pt\/wp-content\/uploads\/2020\/01\/logos-CTI-300x91.png\" alt=\"logos CTI\" width=\"300\" height=\"91\" \/><\/p>\n","protected":false},"excerpt":{"rendered":"<p>Os Campos de Trabalho Internacional visam promover a mobilidade\u00a0e o interc\u00e2mbio de jovens atrav\u00e9s de atividades que incentivem a troca de experi\u00eancias e o conhecimento de novas realidades socioculturais, facilitando o relacionamento<a class=\"moretag\" href=\"https:\/\/associacaomaceira.pt\/index.php\/projetos\/campo-de-trabalho-internacional\/\">Read More&#8230;<\/a><\/p>\n","protected":false},"author":1,"featured_media":0,"parent":59,"menu_order":6,"comment_status":"closed","ping_status":"closed","template":"","meta":[],"_links":{"self":[{"href":"https:\/\/associacaomaceira.pt\/index.php\/wp-json\/wp\/v2\/pages\/336"}],"collection":[{"href":"https:\/\/associacaomaceira.pt\/index.php\/wp-json\/wp\/v2\/pages"}],"about":[{"href":"https:\/\/associacaomaceira.pt\/index.php\/wp-json\/wp\/v2\/types\/page"}],"author":[{"embeddable":true,"href":"https:\/\/associacaomaceira.pt\/index.php\/wp-json\/wp\/v2\/users\/1"}],"replies":[{"embeddable":true,"href":"https:\/\/associacaomaceira.pt\/index.php\/wp-json\/wp\/v2\/comments?post=336"}],"version-history":[{"count":1,"href":"https:\/\/associacaomaceira.pt\/index.php\/wp-json\/wp\/v2\/pages\/336\/revisions"}],"predecessor-version":[{"id":339,"href":"https:\/\/associacaomaceira.pt\/index.php\/wp-json\/wp\/v2\/pages\/336\/revisions\/339"}],"up":[{"embeddable":true,"href":"https:\/\/associacaomaceira.pt\/index.php\/wp-json\/wp\/v2\/pages\/59"}],"wp:attachment":[{"href":"https:\/\/associacaomaceira.pt\/index.php\/wp-json\/wp\/v2\/media?parent=336"}],"curies":[{"name":"wp","href":"https:\/\/api.w.org\/{rel}","templated":true}]}}

<p class="x_MsoNormal">Os Campos de Trabalho Internacional visam promover a mobilidade e o intercâmbio de jovens através de atividades que incentivem a troca de experiências e o conhecimento de novas realidades socioculturais, facilitando o relacionamento de jovens portugueses com jovens de outros países dentro do concelho de Fornos de Algodres, capazes de dar respostas formativas, obtidas através de processos educativos não formais, designadamente interculturais. Os Campos de Trabalho Internacional dirigem-se a jovens portugueses e estrangeiros, com<b> </b><strong>idades entre os 18 e os 30 anos</strong><b>.</b></p>
<p class="x_MsoNormal">A Associação de Maceira já desenvolveu os seguintes Campos de Trabalho Internacional:</p>
<p class="x_MsoNormal"><b><span lang="EN-US">Workcamp: Forest Fires -Let&#8217;s Clean to Prevent</span></b></p>
<p class="x_MsoNormal"><img loading="lazy" class=" wp-image-337 alignleft" src="http://associacaomaceira.pt/wp-content/uploads/2020/01/cti-300x225.jpg" alt="cti" width="438" height="327" /></p>
<p class="x_MsoNormal">
<p class="x_MsoNormal">
<p class="x_MsoNormal">
<p class="x_MsoNormal">
<p class="x_MsoNormal">
<p class="x_MsoNormal">
<p class="x_MsoNormal">
<p class="x_MsoNormal">
<p class="x_MsoNormal">Apoios:</p>
<p class="x_MsoNormal"><img loading="lazy" class="size-medium wp-image-338 alignleft" src="http://associacaomaceira.pt/wp-content/uploads/2020/01/logos-CTI-300x91.png" alt="logos CTI" width="300" height="91" /></p>

<p>Os Campos de Trabalho Internacional visam promover a mobilidade e o intercâmbio de jovens através de atividades que incentivem a troca de experiências e o conhecimento de novas realidades socioculturais, facilitando o relacionamento<a class="moretag" href="https://associacaomaceira.pt/index.php/projetos/campo-de-trabalho-internacional/">Read More&#8230;</a></p>
