{"id":350,"date":"2020-07-06T16:05:21","date_gmt":"2020-07-06T16:05:21","guid":{"rendered":"http:\/\/associacaomaceira.pt\/?page_id=350"},"modified":"2020-07-06T16:32:20","modified_gmt":"2020-07-06T16:32:20","slug":"anuncio-recrutamento","status":"publish","type":"page","link":"https:\/\/associacaomaceira.pt\/index.php\/anuncio-recrutamento\/","title":{"rendered":"AN\u00daNCIO RECRUTAMENTO"},"content":{"rendered":"\n<p><\/p>\n\n\n\n<p>A Associa\u00e7\u00e3o de P.S.R.D.H. de Maceira, I.P.S.S., encontra-se a recrutar trabalhador, preferencialmente, na \u00e1rea de Servi\u00e7o Social, para assegurar, a fun\u00e7\u00f5es de Dire\u00e7\u00e3o T\u00e9cnica das suas respostas sociais, mais concretamente para:<br>&#8211; Dirigir as respostas sociais da institui\u00e7\u00e3o (ERPI, CD, SAD, c\/ total de 46 clientes);<br>&#8211; Coordenar, supervisionar e promover reuni\u00f5es t\u00e9cnicas com o pessoal;- Planificar e coordenar as atividades, sociais, culturais e ocupacionais dos idosos;<br>&#8211; Fazer o acolhimento do cliente e manter organizado o processo individual;<br>&#8211; Estabelecer e implementar o modelo de gest\u00e3o t\u00e9cnica e de qualidade adequada ao bom funcionamento das Respostas Sociais da institui\u00e7\u00e3o.<br>Ser\u00e3o ainda admitidas candidaturas, para as fun\u00e7\u00f5es pretendidas, de outras \u00e1reas profissionais, nomeadamente, Sociologia e Psicologia.<br><strong>REQUISITOS:<\/strong><br>&#8211; Licenciatura;<br>&#8211; Experi\u00eancia profissional comprovada para o exerc\u00edcio das fun\u00e7\u00f5es de gest\u00e3o\/dire\u00e7\u00e3o t\u00e9cnica;<br>&#8211; Boa capacidade de lideran\u00e7a e gest\u00e3o de equipas;<br>&#8211; Boa capacidade de relacionamento interpessoal;<br>&#8211; Disponibilidade total e imediata;<br><strong>FATOR DE DISCRIMINA\u00c7\u00c3O POSITIVA<\/strong>:<br>Considerando a disponibilidade para o exerc\u00edcio destas fun\u00e7\u00f5es, ser\u00e1 dada prefer\u00eancia a candidatos\/as que tenham, na presente data, resid\u00eancia no concelho de Fornos de Algodres ou concelhos lim\u00edtrofes.<br><strong>OFERECEMOS:<\/strong><br>&#8211; Contrato sem termo a tempo inteiro;<br>&#8211; Retribui\u00e7\u00e3o de acordo com a experi\u00eancia demonstrada pelo candidato;<br>&#8211; Uma boa oportunidade para desenvolvimento profissional.<br><strong>CANDIDATURAS:<\/strong> <br>Todas as candidaturas dever\u00e3o ser remetidas at\u00e9 dia 10 de julho de 2020, \u00e0s 16 horas, para o endere\u00e7o de email: presidentedirecao@associacaomaceira.pt, acompanhadas de C.V., certificado de habilita\u00e7\u00f5es, comprovativo da habilita\u00e7\u00e3o acad\u00e9mica exigida, e outros documentos comprovativos do cumprimento dos requisitos.<br>Apenas ser\u00e3o contactados para entrevista de avalia\u00e7\u00e3o de compet\u00eancias, os candidatos cuja avalia\u00e7\u00e3o curricular demonstre o preenchimento dos requisitos m\u00ednimos obrigat\u00f3rios e, preferenciais, necess\u00e1rios para a fun\u00e7\u00e3o.<br>O candidato(a) tem conhecimento que o tratamento dos seus dados pessoais ser\u00e1 feito com base no disposto na al\u00ednea b) do art. 6.\u00ba, n.\u00ba 1 do RGPD, limitado \u00e0 finalidade inerente \u00e0 sele\u00e7\u00e3o e recrutamento de trabalhador. A Associa\u00e7\u00e3o assegura o respeito por todos os deveres de tratamento de dados descorrentes do RGPD e da Lei de Execu\u00e7\u00e3o Nacional. Poder\u00e1, querendo, consultar a nossa politica de privacidade solicitando-a atrav\u00e9s do seguinte e-mail: dep.administrativofinanceiro@associacaomaceira.pt.<\/p>\n","protected":false},"excerpt":{"rendered":"<p>A Associa\u00e7\u00e3o de P.S.R.D.H. de Maceira, I.P.S.S., encontra-se a recrutar trabalhador, preferencialmente, na \u00e1rea de Servi\u00e7o Social, para assegurar, a fun\u00e7\u00f5es de Dire\u00e7\u00e3o T\u00e9cnica das suas respostas sociais, mais concretamente para:&#8211; Dirigir<a class=\"moretag\" href=\"https:\/\/associacaomaceira.pt\/index.php\/anuncio-recrutamento\/\">Read More&#8230;<\/a><\/p>\n","protected":false},"author":1,"featured_media":0,"parent":0,"menu_order":0,"comment_status":"closed","ping_status":"closed","template":"","meta":[],"_links":{"self":[{"href":"https:\/\/associacaomaceira.pt\/index.php\/wp-json\/wp\/v2\/pages\/350"}],"collection":[{"href":"https:\/\/associacaomaceira.pt\/index.php\/wp-json\/wp\/v2\/pages"}],"about":[{"href":"https:\/\/associacaomaceira.pt\/index.php\/wp-json\/wp\/v2\/types\/page"}],"author":[{"embeddable":true,"href":"https:\/\/associacaomaceira.pt\/index.php\/wp-json\/wp\/v2\/users\/1"}],"replies":[{"embeddable":true,"href":"https:\/\/associacaomaceira.pt\/index.php\/wp-json\/wp\/v2\/comments?post=350"}],"version-history":[{"count":5,"href":"https:\/\/associacaomaceira.pt\/index.php\/wp-json\/wp\/v2\/pages\/350\/revisions"}],"predecessor-version":[{"id":375,"href":"https:\/\/associacaomaceira.pt\/index.php\/wp-json\/wp\/v2\/pages\/350\/revisions\/375"}],"wp:attachment":[{"href":"https:\/\/associacaomaceira.pt\/index.php\/wp-json\/wp\/v2\/media?parent=350"}],"curies":[{"name":"wp","href":"https:\/\/api.w.org\/{rel}","templated":true}]}}

ANÚNCIO RECRUTAMENTO

<p></p>



<p>A Associação de P.S.R.D.H. de Maceira, I.P.S.S., encontra-se a recrutar trabalhador, preferencialmente, na área de Serviço Social, para assegurar, a funções de Direção Técnica das suas respostas sociais, mais concretamente para:<br>&#8211; Dirigir as respostas sociais da instituição (ERPI, CD, SAD, c/ total de 46 clientes);<br>&#8211; Coordenar, supervisionar e promover reuniões técnicas com o pessoal;- Planificar e coordenar as atividades, sociais, culturais e ocupacionais dos idosos;<br>&#8211; Fazer o acolhimento do cliente e manter organizado o processo individual;<br>&#8211; Estabelecer e implementar o modelo de gestão técnica e de qualidade adequada ao bom funcionamento das Respostas Sociais da instituição.<br>Serão ainda admitidas candidaturas, para as funções pretendidas, de outras áreas profissionais, nomeadamente, Sociologia e Psicologia.<br><strong>REQUISITOS:</strong><br>&#8211; Licenciatura;<br>&#8211; Experiência profissional comprovada para o exercício das funções de gestão/direção técnica;<br>&#8211; Boa capacidade de liderança e gestão de equipas;<br>&#8211; Boa capacidade de relacionamento interpessoal;<br>&#8211; Disponibilidade total e imediata;<br><strong>FATOR DE DISCRIMINAÇÃO POSITIVA</strong>:<br>Considerando a disponibilidade para o exercício destas funções, será dada preferência a candidatos/as que tenham, na presente data, residência no concelho de Fornos de Algodres ou concelhos limítrofes.<br><strong>OFERECEMOS:</strong><br>&#8211; Contrato sem termo a tempo inteiro;<br>&#8211; Retribuição de acordo com a experiência demonstrada pelo candidato;<br>&#8211; Uma boa oportunidade para desenvolvimento profissional.<br><strong>CANDIDATURAS:</strong> <br>Todas as candidaturas deverão ser remetidas até dia 10 de julho de 2020, às 16 horas, para o endereço de email: presidentedirecao@associacaomaceira.pt, acompanhadas de C.V., certificado de habilitações, comprovativo da habilitação académica exigida, e outros documentos comprovativos do cumprimento dos requisitos.<br>Apenas serão contactados para entrevista de avaliação de competências, os candidatos cuja avaliação curricular demonstre o preenchimento dos requisitos mínimos obrigatórios e, preferenciais, necessários para a função.<br>O candidato(a) tem conhecimento que o tratamento dos seus dados pessoais será feito com base no disposto na alínea b) do art. 6.º, n.º 1 do RGPD, limitado à finalidade inerente à seleção e recrutamento de trabalhador. A Associação assegura o respeito por todos os deveres de tratamento de dados descorrentes do RGPD e da Lei de Execução Nacional. Poderá, querendo, consultar a nossa politica de privacidade solicitando-a através do seguinte e-mail: dep.administrativofinanceiro@associacaomaceira.pt.</p>

<p>A Associação de P.S.R.D.H. de Maceira, I.P.S.S., encontra-se a recrutar trabalhador, preferencialmente, na área de Serviço Social, para assegurar, a funções de Direção Técnica das suas respostas sociais, mais concretamente para:&#8211; Dirigir<a class="moretag" href="https://associacaomaceira.pt/index.php/anuncio-recrutamento/">Read More&#8230;</a></p>
