{"id":50,"date":"2016-06-20T10:01:41","date_gmt":"2016-06-20T10:01:41","guid":{"rendered":"http:\/\/associacaomaceira.pt\/?page_id=50"},"modified":"2019-01-02T10:55:08","modified_gmt":"2019-01-02T10:55:08","slug":"centro-de-dia","status":"publish","type":"page","link":"https:\/\/associacaomaceira.pt\/index.php\/servicos\/centro-de-dia\/","title":{"rendered":"Centro de Dia"},"content":{"rendered":"<p>\u00c9 uma resposta social, desenvolvida em equipamento, que consiste na presta\u00e7\u00e3o de um conjunto de servi\u00e7os destinados a proporcionar ajuda \u00e0s pessoas idosas em situa\u00e7\u00e3o de risco ou de perda de independ\u00eancia, por per\u00edodo tempor\u00e1rio ou permanente, contribuindo para que tenham uma vida digna, confort\u00e1vel e saud\u00e1vel, prestando ajuda direta ao idoso e indireta \u00e0 fam\u00edlia e\/ou comunidade.<\/p>\n<p><em><u>S\u00e3o objetivos do Centro de Dia<\/u><\/em><em>:<\/em><\/p>\n<ol>\n<li>Fomentar a perman\u00eancia do idoso no seu meio natural de vida;<\/li>\n<li>Proporcionar servi\u00e7os adequados \u00e0s necessidades biopsicossociais das pessoas idosas;<\/li>\n<li>Assegurar um atendimento individual e personalizado em fun\u00e7\u00e3o das necessidades espec\u00edficas de cada pessoa;<\/li>\n<li>Promover a dignidade da pessoa e oportunidades para a estimula\u00e7\u00e3o da mem\u00f3ria, do respeito pela hist\u00f3ria, cultura, e espiritualidade pessoais e pelas suas reminisc\u00eancias e vontades conscientemente expressas;<\/li>\n<li>Contribuir para a estimula\u00e7\u00e3o de um processo de envelhecimento ativo;<\/li>\n<li>Promover o aproveitamento de oportunidades para a sa\u00fade, participa\u00e7\u00e3o e seguran\u00e7a e no acesso \u00e0 continuidade de aprendizagem ao longo da vida e o contacto com novas tecnologias \u00fateis;<\/li>\n<li>Prevenir e despistar qualquer inadapta\u00e7\u00e3o, defici\u00eancia ou situa\u00e7\u00e3o de risco, assegurando o encaminhamento mais adequado;<\/li>\n<li>Promover estrat\u00e9gias de manuten\u00e7\u00e3o e refor\u00e7o da funcionalidade, autonomia e independ\u00eancia, do auto cuidado e da auto-estima e oportunidades para a mobilidade e atividade regular, tendo em aten\u00e7\u00e3o o estado de sa\u00fade e recomenda\u00e7\u00f5es m\u00e9dicas de cada pessoa;<\/li>\n<li>Promover um ambiente de seguran\u00e7a f\u00edsica e afetiva, prevenir os acidentes, as quedas, os problemas com medicamentos, o isolamento e qualquer forma de mau trato;<\/li>\n<li>Promover a intera\u00e7\u00e3o com ambientes estimulantes, promovendo as capacidades, a quebra da rotina e a manuten\u00e7\u00e3o do gosto pela vida;<\/li>\n<li>Promover os contactos sociais e potenciar a integra\u00e7\u00e3o social;<\/li>\n<li>Proporcionar um ambiente inclusivo que fomente rela\u00e7\u00f5es interpessoais;<\/li>\n<li>Contribuir para a concilia\u00e7\u00e3o da vida familiar e profissional do agregado familiar;<\/li>\n<li>Promover o envolvimento, bom relacionamento e compet\u00eancias da fam\u00edlia;<\/li>\n<li>Promover rela\u00e7\u00f5es com a comunidade e na comunidade;<\/li>\n<li>Dinamizar rela\u00e7\u00f5es intergeracionais<\/li>\n<\/ol>\n<p><em>Servi\u00e7os prestados :<\/em><\/p>\n<ol>\n<li>Atividades socioculturais, l\u00fadico-recreativas, de motricidade e de estimula\u00e7\u00e3o cognitiva;<\/li>\n<li>Nutri\u00e7\u00e3o e alimenta\u00e7\u00e3o, nomeadamente o pequeno- almo\u00e7o; almo\u00e7o e lanche com sopa;<\/li>\n<li>Administra\u00e7\u00e3o de f\u00e1rmacos quando prescritos;<\/li>\n<li>Transporte dentro da freguesia;<\/li>\n<li>Presta\u00e7\u00e3o de servi\u00e7os de enfermagem quando necess\u00e1rio.<\/li>\n<li>Higiene Habitacional.<\/li>\n<\/ol>\n","protected":false},"excerpt":{"rendered":"<p>\u00c9 uma resposta social, desenvolvida em equipamento, que consiste na presta\u00e7\u00e3o de um conjunto de servi\u00e7os destinados a proporcionar ajuda \u00e0s pessoas idosas em situa\u00e7\u00e3o de risco ou de perda de independ\u00eancia,<a class=\"moretag\" href=\"https:\/\/associacaomaceira.pt\/index.php\/servicos\/centro-de-dia\/\">Read More&#8230;<\/a><\/p>\n","protected":false},"author":1,"featured_media":0,"parent":19,"menu_order":2,"comment_status":"closed","ping_status":"closed","template":"page-sidebar.php","meta":[],"_links":{"self":[{"href":"https:\/\/associacaomaceira.pt\/index.php\/wp-json\/wp\/v2\/pages\/50"}],"collection":[{"href":"https:\/\/associacaomaceira.pt\/index.php\/wp-json\/wp\/v2\/pages"}],"about":[{"href":"https:\/\/associacaomaceira.pt\/index.php\/wp-json\/wp\/v2\/types\/page"}],"author":[{"embeddable":true,"href":"https:\/\/associacaomaceira.pt\/index.php\/wp-json\/wp\/v2\/users\/1"}],"replies":[{"embeddable":true,"href":"https:\/\/associacaomaceira.pt\/index.php\/wp-json\/wp\/v2\/comments?post=50"}],"version-history":[{"count":2,"href":"https:\/\/associacaomaceira.pt\/index.php\/wp-json\/wp\/v2\/pages\/50\/revisions"}],"predecessor-version":[{"id":69,"href":"https:\/\/associacaomaceira.pt\/index.php\/wp-json\/wp\/v2\/pages\/50\/revisions\/69"}],"up":[{"embeddable":true,"href":"https:\/\/associacaomaceira.pt\/index.php\/wp-json\/wp\/v2\/pages\/19"}],"wp:attachment":[{"href":"https:\/\/associacaomaceira.pt\/index.php\/wp-json\/wp\/v2\/media?parent=50"}],"curies":[{"name":"wp","href":"https:\/\/api.w.org\/{rel}","templated":true}]}}

<p>É uma resposta social, desenvolvida em equipamento, que consiste na prestação de um conjunto de serviços destinados a proporcionar ajuda às pessoas idosas em situação de risco ou de perda de independência, por período temporário ou permanente, contribuindo para que tenham uma vida digna, confortável e saudável, prestando ajuda direta ao idoso e indireta à família e/ou comunidade.</p>
<p><em><u>São objetivos do Centro de Dia</u></em><em>:</em></p>
<ol>
<li>Fomentar a permanência do idoso no seu meio natural de vida;</li>
<li>Proporcionar serviços adequados às necessidades biopsicossociais das pessoas idosas;</li>
<li>Assegurar um atendimento individual e personalizado em função das necessidades específicas de cada pessoa;</li>
<li>Promover a dignidade da pessoa e oportunidades para a estimulação da memória, do respeito pela história, cultura, e espiritualidade pessoais e pelas suas reminiscências e vontades conscientemente expressas;</li>
<li>Contribuir para a estimulação de um processo de envelhecimento ativo;</li>
<li>Promover o aproveitamento de oportunidades para a saúde, participação e segurança e no acesso à continuidade de aprendizagem ao longo da vida e o contacto com novas tecnologias úteis;</li>
<li>Prevenir e despistar qualquer inadaptação, deficiência ou situação de risco, assegurando o encaminhamento mais adequado;</li>
<li>Promover estratégias de manutenção e reforço da funcionalidade, autonomia e independência, do auto cuidado e da auto-estima e oportunidades para a mobilidade e atividade regular, tendo em atenção o estado de saúde e recomendações médicas de cada pessoa;</li>
<li>Promover um ambiente de segurança física e afetiva, prevenir os acidentes, as quedas, os problemas com medicamentos, o isolamento e qualquer forma de mau trato;</li>
<li>Promover a interação com ambientes estimulantes, promovendo as capacidades, a quebra da rotina e a manutenção do gosto pela vida;</li>
<li>Promover os contactos sociais e potenciar a integração social;</li>
<li>Proporcionar um ambiente inclusivo que fomente relações interpessoais;</li>
<li>Contribuir para a conciliação da vida familiar e profissional do agregado familiar;</li>
<li>Promover o envolvimento, bom relacionamento e competências da família;</li>
<li>Promover relações com a comunidade e na comunidade;</li>
<li>Dinamizar relações intergeracionais</li>
</ol>
<p><em>Serviços prestados :</em></p>
<ol>
<li>Atividades socioculturais, lúdico-recreativas, de motricidade e de estimulação cognitiva;</li>
<li>Nutrição e alimentação, nomeadamente o pequeno- almoço; almoço e lanche com sopa;</li>
<li>Administração de fármacos quando prescritos;</li>
<li>Transporte dentro da freguesia;</li>
<li>Prestação de serviços de enfermagem quando necessário.</li>
<li>Higiene Habitacional.</li>
</ol>

<p>É uma resposta social, desenvolvida em equipamento, que consiste na prestação de um conjunto de serviços destinados a proporcionar ajuda às pessoas idosas em situação de risco ou de perda de independência,<a class="moretag" href="https://associacaomaceira.pt/index.php/servicos/centro-de-dia/">Read More&#8230;</a></p>
