{"id":54,"date":"2016-06-20T10:03:00","date_gmt":"2016-06-20T10:03:00","guid":{"rendered":"http:\/\/associacaomaceira.pt\/?page_id=54"},"modified":"2019-01-02T10:55:21","modified_gmt":"2019-01-02T10:55:21","slug":"alojamento-local-mobilado-hostel","status":"publish","type":"page","link":"https:\/\/associacaomaceira.pt\/index.php\/servicos\/alojamento-local-mobilado-hostel\/","title":{"rendered":"Alojamento Local Mobilado &#8211; Hostel EntryFik"},"content":{"rendered":"<p>Hostel EntryFik \u00e9 uma moderna Unidade de Alojamento Local, localizada em meio rural, que surge da reconvers\u00e3o do edif\u00edcio da antiga escola prim\u00e1ria de Maceira, no concelho de Fornos de Algodres, que outrora tamb\u00e9m funcionou como Centro de Dia da Associa\u00e7\u00e3o de Promo\u00e7\u00e3o Social, Recreativa, Desportiva e Humanit\u00e1ria de Maceira.<\/p>\n<p>A funcionar desde Janeiro de 2016, o nosso desejo \u00e9 oferecer uma estadia incr\u00edvel, a um pre\u00e7o econ\u00f3mico, a turistas provenientes de qualquer parte do mundo.<\/p>\n<p>O Hostel EntryFik busca constantemente proporcionar aos seus clientes conforto nas instala\u00e7\u00f5es e satisfa\u00e7\u00e3o num bom atendimento, como tal, al\u00e9m do alojamento procuramos criar experi\u00eancias inesquec\u00edveis aos nossos h\u00f3spedes, atrav\u00e9s do desenvolvimento de atividades gastron\u00f3micas, desportivas e\/ou de promo\u00e7\u00e3o do patrim\u00f3nio natural, paisag\u00edstico e etnogr\u00e1fico que v\u00e3o ao encontro das exig\u00eancias de cada um.<\/p>\n<p><a href=\"http:\/\/hostelentryfik.com\/\"><img loading=\"lazy\" class=\"size-medium wp-image-304 alignleft\" src=\"http:\/\/associacaomaceira.pt\/wp-content\/uploads\/2016\/06\/link-300x49.jpg\" alt=\"link\" width=\"300\" height=\"49\" srcset=\"https:\/\/associacaomaceira.pt\/wp-content\/uploads\/2016\/06\/link-300x49.jpg 300w, https:\/\/associacaomaceira.pt\/wp-content\/uploads\/2016\/06\/link-768x124.jpg 768w, https:\/\/associacaomaceira.pt\/wp-content\/uploads\/2016\/06\/link-1024x166.jpg 1024w, https:\/\/associacaomaceira.pt\/wp-content\/uploads\/2016\/06\/link.jpg 1038w\" sizes=\"(max-width: 300px) 100vw, 300px\" \/><br \/>\n<\/a><\/p>\n<p><a href=\"https:\/\/www.facebook.com\/hostelentryfik\/\"><img loading=\"lazy\" class=\"size-medium wp-image-303 alignleft\" src=\"http:\/\/associacaomaceira.pt\/wp-content\/uploads\/2016\/06\/facebook-300x57.jpg\" alt=\"facebook\" width=\"300\" height=\"57\" srcset=\"https:\/\/associacaomaceira.pt\/wp-content\/uploads\/2016\/06\/facebook-300x57.jpg 300w, https:\/\/associacaomaceira.pt\/wp-content\/uploads\/2016\/06\/facebook-768x146.jpg 768w, https:\/\/associacaomaceira.pt\/wp-content\/uploads\/2016\/06\/facebook.jpg 881w\" sizes=\"(max-width: 300px) 100vw, 300px\" \/><br \/>\n<\/a><\/p>\n","protected":false},"excerpt":{"rendered":"<p>Hostel EntryFik \u00e9 uma moderna Unidade de Alojamento Local, localizada em meio rural, que surge da reconvers\u00e3o do edif\u00edcio da antiga escola prim\u00e1ria de Maceira, no concelho de Fornos de Algodres, que<a class=\"moretag\" href=\"https:\/\/associacaomaceira.pt\/index.php\/servicos\/alojamento-local-mobilado-hostel\/\">Read More&#8230;<\/a><\/p>\n","protected":false},"author":1,"featured_media":0,"parent":19,"menu_order":4,"comment_status":"closed","ping_status":"closed","template":"page-sidebar.php","meta":[],"_links":{"self":[{"href":"https:\/\/associacaomaceira.pt\/index.php\/wp-json\/wp\/v2\/pages\/54"}],"collection":[{"href":"https:\/\/associacaomaceira.pt\/index.php\/wp-json\/wp\/v2\/pages"}],"about":[{"href":"https:\/\/associacaomaceira.pt\/index.php\/wp-json\/wp\/v2\/types\/page"}],"author":[{"embeddable":true,"href":"https:\/\/associacaomaceira.pt\/index.php\/wp-json\/wp\/v2\/users\/1"}],"replies":[{"embeddable":true,"href":"https:\/\/associacaomaceira.pt\/index.php\/wp-json\/wp\/v2\/comments?post=54"}],"version-history":[{"count":13,"href":"https:\/\/associacaomaceira.pt\/index.php\/wp-json\/wp\/v2\/pages\/54\/revisions"}],"predecessor-version":[{"id":305,"href":"https:\/\/associacaomaceira.pt\/index.php\/wp-json\/wp\/v2\/pages\/54\/revisions\/305"}],"up":[{"embeddable":true,"href":"https:\/\/associacaomaceira.pt\/index.php\/wp-json\/wp\/v2\/pages\/19"}],"wp:attachment":[{"href":"https:\/\/associacaomaceira.pt\/index.php\/wp-json\/wp\/v2\/media?parent=54"}],"curies":[{"name":"wp","href":"https:\/\/api.w.org\/{rel}","templated":true}]}}

<p>Hostel EntryFik é uma moderna Unidade de Alojamento Local, localizada em meio rural, que surge da reconversão do edifício da antiga escola primária de Maceira, no concelho de Fornos de Algodres, que outrora também funcionou como Centro de Dia da Associação de Promoção Social, Recreativa, Desportiva e Humanitária de Maceira.</p>
<p>A funcionar desde Janeiro de 2016, o nosso desejo é oferecer uma estadia incrível, a um preço económico, a turistas provenientes de qualquer parte do mundo.</p>
<p>O Hostel EntryFik busca constantemente proporcionar aos seus clientes conforto nas instalações e satisfação num bom atendimento, como tal, além do alojamento procuramos criar experiências inesquecíveis aos nossos hóspedes, através do desenvolvimento de atividades gastronómicas, desportivas e/ou de promoção do património natural, paisagístico e etnográfico que vão ao encontro das exigências de cada um.</p>
<p><a href="http://hostelentryfik.com/"><img loading="lazy" class="size-medium wp-image-304 alignleft" src="http://associacaomaceira.pt/wp-content/uploads/2016/06/link-300x49.jpg" alt="link" width="300" height="49" srcset="https://associacaomaceira.pt/wp-content/uploads/2016/06/link-300x49.jpg 300w, https://associacaomaceira.pt/wp-content/uploads/2016/06/link-768x124.jpg 768w, https://associacaomaceira.pt/wp-content/uploads/2016/06/link-1024x166.jpg 1024w, https://associacaomaceira.pt/wp-content/uploads/2016/06/link.jpg 1038w" sizes="(max-width: 300px) 100vw, 300px" /><br />
</a></p>
<p><a href="https://www.facebook.com/hostelentryfik/"><img loading="lazy" class="size-medium wp-image-303 alignleft" src="http://associacaomaceira.pt/wp-content/uploads/2016/06/facebook-300x57.jpg" alt="facebook" width="300" height="57" srcset="https://associacaomaceira.pt/wp-content/uploads/2016/06/facebook-300x57.jpg 300w, https://associacaomaceira.pt/wp-content/uploads/2016/06/facebook-768x146.jpg 768w, https://associacaomaceira.pt/wp-content/uploads/2016/06/facebook.jpg 881w" sizes="(max-width: 300px) 100vw, 300px" /><br />
</a></p>

<p>Hostel EntryFik é uma moderna Unidade de Alojamento Local, localizada em meio rural, que surge da reconversão do edifício da antiga escola primária de Maceira, no concelho de Fornos de Algodres, que<a class="moretag" href="https://associacaomaceira.pt/index.php/servicos/alojamento-local-mobilado-hostel/">Read More&#8230;</a></p>
