{"id":56,"date":"2016-06-20T10:03:41","date_gmt":"2016-06-20T10:03:41","guid":{"rendered":"http:\/\/associacaomaceira.pt\/?page_id=56"},"modified":"2019-01-07T11:48:59","modified_gmt":"2019-01-07T11:48:59","slug":"servico-de-apoio-domiciliario","status":"publish","type":"page","link":"https:\/\/associacaomaceira.pt\/index.php\/servicos\/servico-de-apoio-domiciliario\/","title":{"rendered":"Servi\u00e7o de Apoio Domicili\u00e1rio"},"content":{"rendered":"<p>O Servi\u00e7o de Apoio Domicili\u00e1rio presta cuidados individualizados e personalizados no domicilio a indiv\u00edduos e fam\u00edlias quando, por motivo de doen\u00e7a, ou outro impedimento, n\u00e3o possam assegurar as suas necessidades b\u00e1sicas e\/ou as atividades da vida di\u00e1ria.<\/p>\n<p><strong><em>A Resposta Social Servi\u00e7o de Apoio Domicili\u00e1rio, na sua atua\u00e7\u00e3o, tem como principais objetivos:<\/em><\/strong><\/p>\n<ol>\n<li>Concorrer para a melhoria da qualidade de vida das pessoas e fam\u00edlias;<\/li>\n<li>Contribuir para a perman\u00eancia dos utentes no seu meio habitual de vida, retardando ou evitando o recurso a estruturas residenciais;<\/li>\n<li>Prestar os cuidados e servi\u00e7os adequados \u00e0s necessidades biopsicossociais dos utentes, sendo estes objeto de contratualiza\u00e7\u00e3o;<\/li>\n<li>Assegurar um atendimento individual e personalizado em fun\u00e7\u00e3o das necessidades espec\u00edficas de cada pessoa;<\/li>\n<li>Promover a dignidade da pessoa e oportunidades para a estimula\u00e7\u00e3o da mem\u00f3ria, do respeito pela hist\u00f3ria, cultura, e espiritualidade pessoais e pelas suas reminisc\u00eancias e vontades conscientemente expressas;<\/li>\n<li>Contribuir para a estimula\u00e7\u00e3o de um processo de envelhecimento ativo;<\/li>\n<li>Promover o aproveitamento de oportunidades para a sa\u00fade, participa\u00e7\u00e3o e seguran\u00e7a e no acesso \u00e0 continuidade de aprendizagem ao longo da vida e o contacto com novas tecnologias \u00fateis;<\/li>\n<li>Prevenir e despistar qualquer inadapta\u00e7\u00e3o, defici\u00eancia ou situa\u00e7\u00e3o de risco, assegurando o encaminhamento mais adequado;<\/li>\n<li>Promover estrat\u00e9gias de manuten\u00e7\u00e3o e refor\u00e7o da funcionalidade, autonomia e independ\u00eancia, do auto cuidado e da autoestima e oportunidades para a mobilidade e atividade regular, tendo em aten\u00e7\u00e3o o estado de sa\u00fade e recomenda\u00e7\u00f5es m\u00e9dicas de cada pessoa;<\/li>\n<\/ol>\n<p><strong><em>Servi\u00e7os prestados:<\/em><\/strong><\/p>\n<ol>\n<li>Alimenta\u00e7\u00e3o;<\/li>\n<li>Cuidados de Higiene e Conforto Pessoal;<\/li>\n<li>Arruma\u00e7\u00e3o e limpezas no domic\u00edlio;<\/li>\n<li>Tratamento de Roupa;<\/li>\n<li>Anima\u00e7\u00e3o socializa\u00e7\u00e3o;<\/li>\n<li>Alimenta\u00e7\u00e3o e Higiene Pessoal ao fim de semana<\/li>\n<\/ol>\n<p>O Servi\u00e7o de Apoio Domicili\u00e1rio pode ainda assegurar os seguintes servi\u00e7os:<\/p>\n<ol>\n<li>Cuidados de imagem;<\/li>\n<li>Apoio psicossocial;<\/li>\n<li>Presta\u00e7\u00e3o de servi\u00e7os de enfermagem;<\/li>\n<li>Fisioterapia;\u00a0(atrav\u00e9s de parceria com entidade externa)<\/li>\n<li>Realiza\u00e7\u00e3o de pequenas repara\u00e7\u00f5es\/modifica\u00e7\u00f5es no domic\u00edlio.<\/li>\n<\/ol>\n","protected":false},"excerpt":{"rendered":"<p>O Servi\u00e7o de Apoio Domicili\u00e1rio presta cuidados individualizados e personalizados no domicilio a indiv\u00edduos e fam\u00edlias quando, por motivo de doen\u00e7a, ou outro impedimento, n\u00e3o possam assegurar as suas necessidades b\u00e1sicas e\/ou<a class=\"moretag\" href=\"https:\/\/associacaomaceira.pt\/index.php\/servicos\/servico-de-apoio-domiciliario\/\">Read More&#8230;<\/a><\/p>\n","protected":false},"author":1,"featured_media":0,"parent":19,"menu_order":3,"comment_status":"closed","ping_status":"closed","template":"page-sidebar.php","meta":[],"_links":{"self":[{"href":"https:\/\/associacaomaceira.pt\/index.php\/wp-json\/wp\/v2\/pages\/56"}],"collection":[{"href":"https:\/\/associacaomaceira.pt\/index.php\/wp-json\/wp\/v2\/pages"}],"about":[{"href":"https:\/\/associacaomaceira.pt\/index.php\/wp-json\/wp\/v2\/types\/page"}],"author":[{"embeddable":true,"href":"https:\/\/associacaomaceira.pt\/index.php\/wp-json\/wp\/v2\/users\/1"}],"replies":[{"embeddable":true,"href":"https:\/\/associacaomaceira.pt\/index.php\/wp-json\/wp\/v2\/comments?post=56"}],"version-history":[{"count":3,"href":"https:\/\/associacaomaceira.pt\/index.php\/wp-json\/wp\/v2\/pages\/56\/revisions"}],"predecessor-version":[{"id":317,"href":"https:\/\/associacaomaceira.pt\/index.php\/wp-json\/wp\/v2\/pages\/56\/revisions\/317"}],"up":[{"embeddable":true,"href":"https:\/\/associacaomaceira.pt\/index.php\/wp-json\/wp\/v2\/pages\/19"}],"wp:attachment":[{"href":"https:\/\/associacaomaceira.pt\/index.php\/wp-json\/wp\/v2\/media?parent=56"}],"curies":[{"name":"wp","href":"https:\/\/api.w.org\/{rel}","templated":true}]}}

Serviço de Apoio Domiciliário

<p>O Serviço de Apoio Domiciliário presta cuidados individualizados e personalizados no domicilio a indivíduos e famílias quando, por motivo de doença, ou outro impedimento, não possam assegurar as suas necessidades básicas e/ou as atividades da vida diária.</p>
<p><strong><em>A Resposta Social Serviço de Apoio Domiciliário, na sua atuação, tem como principais objetivos:</em></strong></p>
<ol>
<li>Concorrer para a melhoria da qualidade de vida das pessoas e famílias;</li>
<li>Contribuir para a permanência dos utentes no seu meio habitual de vida, retardando ou evitando o recurso a estruturas residenciais;</li>
<li>Prestar os cuidados e serviços adequados às necessidades biopsicossociais dos utentes, sendo estes objeto de contratualização;</li>
<li>Assegurar um atendimento individual e personalizado em função das necessidades específicas de cada pessoa;</li>
<li>Promover a dignidade da pessoa e oportunidades para a estimulação da memória, do respeito pela história, cultura, e espiritualidade pessoais e pelas suas reminiscências e vontades conscientemente expressas;</li>
<li>Contribuir para a estimulação de um processo de envelhecimento ativo;</li>
<li>Promover o aproveitamento de oportunidades para a saúde, participação e segurança e no acesso à continuidade de aprendizagem ao longo da vida e o contacto com novas tecnologias úteis;</li>
<li>Prevenir e despistar qualquer inadaptação, deficiência ou situação de risco, assegurando o encaminhamento mais adequado;</li>
<li>Promover estratégias de manutenção e reforço da funcionalidade, autonomia e independência, do auto cuidado e da autoestima e oportunidades para a mobilidade e atividade regular, tendo em atenção o estado de saúde e recomendações médicas de cada pessoa;</li>
</ol>
<p><strong><em>Serviços prestados:</em></strong></p>
<ol>
<li>Alimentação;</li>
<li>Cuidados de Higiene e Conforto Pessoal;</li>
<li>Arrumação e limpezas no domicílio;</li>
<li>Tratamento de Roupa;</li>
<li>Animação socialização;</li>
<li>Alimentação e Higiene Pessoal ao fim de semana</li>
</ol>
<p>O Serviço de Apoio Domiciliário pode ainda assegurar os seguintes serviços:</p>
<ol>
<li>Cuidados de imagem;</li>
<li>Apoio psicossocial;</li>
<li>Prestação de serviços de enfermagem;</li>
<li>Fisioterapia; (através de parceria com entidade externa)</li>
<li>Realização de pequenas reparações/modificações no domicílio.</li>
</ol>

<p>O Serviço de Apoio Domiciliário presta cuidados individualizados e personalizados no domicilio a indivíduos e famílias quando, por motivo de doença, ou outro impedimento, não possam assegurar as suas necessidades básicas e/ou<a class="moretag" href="https://associacaomaceira.pt/index.php/servicos/servico-de-apoio-domiciliario/">Read More&#8230;</a></p>
