{"id":589,"date":"2025-11-19T17:23:46","date_gmt":"2025-11-19T17:23:46","guid":{"rendered":"https:\/\/associacaomaceira.pt\/?page_id=589"},"modified":"2025-11-20T11:21:22","modified_gmt":"2025-11-20T11:21:22","slug":"sem-retaguarda-2-0","status":"publish","type":"page","link":"https:\/\/associacaomaceira.pt\/index.php\/sem-retaguarda-2-0\/","title":{"rendered":"(S)Em Retaguarda 2.0"},"content":{"rendered":"\n<p><strong><u>Projeto (S)Em Retaguarda 2.0<\/u><\/strong><\/p>\n\n\n\n<p>O (S)Em Retaguarda \u00e9 um projeto de interven\u00e7\u00e3o na \u00e1rea da educa\u00e7\u00e3o para a sa\u00fade dirigido a Cuidadores Informais (CIs) de pessoas em condi\u00e7\u00e3o de depend\u00eancia, de forma a melhorar a qualidade de vida dos pr\u00f3prios Cuidadores e consequentemente daqueles de quem cuidam. O projeto desenvolve a sua interven\u00e7\u00e3o em 3 concelhos: Fornos de Algodres, Celorico da Beira e Trancoso.<\/p>\n\n\n\n<div class=\"wp-block-image\"><figure class=\"alignleft size-large is-resized\"><img loading=\"lazy\" src=\"https:\/\/associacaomaceira.pt\/wp-content\/uploads\/2025\/11\/Logotipo-SEm-Retaguarda2.0-1024x730.jpg\" alt=\"\" class=\"wp-image-590\" width=\"291\" height=\"208\" srcset=\"https:\/\/associacaomaceira.pt\/wp-content\/uploads\/2025\/11\/Logotipo-SEm-Retaguarda2.0-1024x730.jpg 1024w, https:\/\/associacaomaceira.pt\/wp-content\/uploads\/2025\/11\/Logotipo-SEm-Retaguarda2.0-300x214.jpg 300w, https:\/\/associacaomaceira.pt\/wp-content\/uploads\/2025\/11\/Logotipo-SEm-Retaguarda2.0-768x547.jpg 768w, https:\/\/associacaomaceira.pt\/wp-content\/uploads\/2025\/11\/Logotipo-SEm-Retaguarda2.0-1536x1094.jpg 1536w, https:\/\/associacaomaceira.pt\/wp-content\/uploads\/2025\/11\/Logotipo-SEm-Retaguarda2.0-2048x1459.jpg 2048w\" sizes=\"(max-width: 291px) 100vw, 291px\" \/><\/figure><\/div>\n\n\n\n<p>Tem como principais objetivos atender \u00e0s necessidades dos Cuidadores Informais (CI); &nbsp;Diminuir a sua sobrecarga f\u00edsica e mental; planificar e concretizar a\u00e7\u00f5es interventivas que promovam a autonomia e melhorem a condi\u00e7\u00e3o de sa\u00fade do Cuidador e melhorar a qualidade dos cuidados \u00e0 pessoa cuidada; &nbsp;criar estruturas de apoio social e psicol\u00f3gico; promover o relacionamento interpessoal no contexto familiar e com as redes de apoio externas; promover o envelhecimento Ativo, contribuindo para a autonomia e bem-estar do Cuidador e da Pessoa cuidada, e para a sua manuten\u00e7\u00e3o no seu meio natural de vida; melhorar a Qualidade de Vida e combater o isolamento.<\/p>\n\n\n\n<p>Na primeira vers\u00e3o do Projeto destacam-se as seguintes atividades:<\/p>\n\n\n\n<ol type=\"1\"><li><strong>Descanso do cuidador informal<\/strong> que prop\u00f5e duas formas de atua\u00e7\u00e3o: a) a estadia do cuidador informal em unidade de alojamento tur\u00edstico \u2013 Hostel e b) para descanso do cuidador informal (a pessoa cuidada pode ser referenciada para a Rede Nacional de Cuidados Continuados Integrados (RNCCI), ser temporariamente encaminhada para uma Estrutura Residencial para Idosos (ERPI) e beneficiar de Servi\u00e7o de Apoio Domicili\u00e1rio (SAD);<\/li><li><strong>Grupos de Ajuda M\u00fatua<\/strong> que providenciam a partilha de experi\u00eancias e minimizam o isolamento;<\/li><li><strong>Aconselhamento\/acompanhamento e orienta\u00e7\u00e3o individualizado<\/strong> que pretende assegurar o aconselhamento, acompanhamento e orienta\u00e7\u00e3o no \u00e2mbito da a\u00e7\u00e3o social, especificamente do apoio burocr\u00e1tico bem como identifica\u00e7\u00e3o dos seus direitos e deveres;<\/li><li><strong>Grupos Psicoeducativos, <\/strong>que consiste numa equipa multidisciplinar que pretende auxiliar os cuidadores informais a aumentar e desenvolver conhecimentos e compet\u00eancias.<\/li><\/ol>\n\n\n\n<p>Apesar dos resultados positivos j\u00e1 alcan\u00e7ados, atualmente este projeto passou por uma fase de reestrutura\u00e7\u00e3o de forma a que as atividades desenvolvidas v\u00e3o de encontro \u00e0s reais necessidades dos Cuidadores Informais, surgindo assim o <strong>(S)Em Retaguarda 2.0<\/strong>, com in\u00edcio a 1 de setembro de 2025.<\/p>\n\n\n\n<p>Esta nova e melhorada vers\u00e3o do projeto original conta com a interven\u00e7\u00e3o de uma equipa alargada de profissionais multidisciplinares:<\/p>\n\n\n\n<ul><li>1 Assistente Social que est\u00e1 respons\u00e1vel por realizar um acompanhamento\/aconselhamento e orienta\u00e7\u00e3o social especificamente do apoio burocr\u00e1tico bem como identifica\u00e7\u00e3o dos seus direitos e deveres, destacando-se o Estatuto do Cuidador Informal (ECI) e benef\u00edcios sociais. Para al\u00e9m disso auxilia a restante equipa na dinamiza\u00e7\u00e3o das restantes atividades;<\/li><li>1 Enfermeira que est\u00e1 respons\u00e1vel por auxiliar os cuidadores informais em atividades ligadas \u00e0 \u00e1rea da sa\u00fade necess\u00e1rias para o seu dia-a-dia, destacando-se: esclarecimento de d\u00favidas relativas \u00e0 prepara\u00e7\u00e3o de medica\u00e7\u00e3o, risco de quedas, posicionamentos e transfer\u00eancias, nutri\u00e7\u00e3o;<\/li><li>1 Psic\u00f3loga que est\u00e1 respons\u00e1vel por dinamizar os Grupos Psicoeducativos, facilitar a dinamiza\u00e7\u00e3o dos Grupos de Ajuda M\u00fatua e auxiliar os cuidadores informais a lidar com o processo de luto, nomeadamente com o &#8220;S\u00edndrome do ninho vazio&#8221; e Vidas Suspensas- (Re) Viver, auxiliando os ex-cuidadores a iniciar um novo projeto de vida;<\/li><li>1 auxiliar pessoal que est\u00e1 respons\u00e1vel por se ocupar das pessoas cuidadas, para que os cuidadores possam ter algum tempo para cuidar de si, realizando atividades que considerem prazerosas, promovendo assim a sua autoestima e o seu autocuidado destacando a sua interven\u00e7\u00e3o na atividade \u201cSOS Mini-break\u201d.<\/li><\/ul>\n\n\n\n<p>De ressalvar que estamos em processo de recrutamento para 1 terapeuta ocupacional (TO) ou psicomotricista que ter\u00e1 respons\u00e1vel por dotar os cuidadores informais de estrat\u00e9gias que possam contribuir para desenvolver, reeducar ou reabilitar o desempenho f\u00edsico e\/ou psicol\u00f3gico das pessoas cuidadas, de forma a promover a sua independ\u00eancia, necess\u00e1ria para a realiza\u00e7\u00e3o das atividades de vida di\u00e1ria, podendo assim tornar o dia-a-dia dos cuidadores um pouco mais leve.<\/p>\n\n\n\n<p>O <strong>(S)Em Retaguarda 2.0<\/strong> ir\u00e1 ser constitu\u00eddo por 8 atividades, onde as atividades 1, 2, 3 e 4 transitam da vers\u00e3o anterior do projeto, sendo agora melhoradas, e as atividades 5, 6, 7 e 8 emergem no <strong>(S)Em Retaguarda 2.0 <\/strong>como resultado das necessidades sentidas no terreno decorrentes do contato com os Cuidadores Informais e entidades parceiras.<\/p>\n\n\n\n<p>As atividades a desenvolver s\u00e3o:<\/p>\n\n\n\n<p><strong><u>Atividade 1- Descanso do Cuidador Informal<\/u><\/strong><\/p>\n\n\n\n<p>O descanso do cuidador informal tem por objetivo a diminuir a sobrecarga f\u00edsica e emocional do cuidador informal, para que este possa beneficiar de um per\u00edodo de descanso, tendo em conta as necessidades e a vontade da pessoa cuidada e do cuidador.&nbsp;<\/p>\n\n\n\n<p>Para tal, propomos duas formas de atua\u00e7\u00e3o:&nbsp;<\/p>\n\n\n\n<ul><li>Para descanso do cuidador informal (resposta tradicional), a pessoa cuidada pode ser referenciada\/encaminhada para a Rede Nacional dos Cuidados Continuados, estrutura residencial para pessoas idosas (ERPI) ou lar residencial ou servi\u00e7os de apoio domicili\u00e1rio (SAD).<\/li><li>Estadia do cuidador informal, em unidade de alojamento tur\u00edstico \u2013 Hostel e pessoa cuidada em ERPI (resposta inovadora\/ integrada), nos casos em que o cuidador informal necessite de descansar mas n\u00e3o se queira afastar da pessoa cuidada, uma vez que existe o estigma do abandono (mesmo que tempor\u00e1rio).<\/li><\/ul>\n\n\n\n<p><strong><u>Atividade 2- Grupos de Ajuda M\u00fatua<\/u><\/strong><\/p>\n\n\n\n<p>Esta atividade consiste na oportunidade de participa\u00e7\u00e3o em grupos de ajuda m\u00fatua constitu\u00eddos por pessoas que vivem ou vivenciaram situa\u00e7\u00f5es e\/ou dificuldades similares, possibilitando a partilha de experi\u00eancias e eventuais solu\u00e7\u00f5es, minimizando o isolamento que habitualmente sentem.&nbsp;<\/p>\n\n\n\n<p><strong><u>Atividade 3 &#8211; Aconselhamento\/ acompanhamento e orienta\u00e7\u00e3o individualizado<\/u><\/strong><\/p>\n\n\n\n<p>O cuidador informal pode recorrer aos t\u00e9cnicos do projeto de forma a assegurar o aconselhamento, o acompanhamento e a orienta\u00e7\u00e3o, no \u00e2mbito do atendimento de a\u00e7\u00e3o social e sa\u00fade.<\/p>\n\n\n\n<p>Como atividade complementar a esta atividade, pretendemos desenvolver a\u00e7\u00f5es de coaching e mentoring.<\/p>\n\n\n\n<p><strong><u>Atividade 4 &#8211; Grupos Psicoeducativos<\/u><\/strong><\/p>\n\n\n\n<p>Os grupos psicoeducativos s\u00e3o uma resposta de apoio, onde uma equipa multidisciplinar auxilia o cuidador com um conjunto de estrat\u00e9gias que lhe permitam cuidar (melhor de si e dos outros) e melhorar a qualidade de vida.<\/p>\n\n\n\n<p><strong><u>Atividade 5- LUTO- \u201cNinho vazio\u201d<\/u><\/strong><\/p>\n\n\n\n<p>Com recurso \u00e0 entrevista, foi poss\u00edvel percecionar junto dos cuidadores informais acompanhados pelo Projeto (S) Em Retaguarda, que existe uma lacuna ao n\u00edvel do apoio\/suporte prestado aos cuidadores antes, durante e ap\u00f3s o processo de luto. Desta forma pretendemos atuar atrav\u00e9s de 2 polos de interven\u00e7\u00e3o:<\/p>\n\n\n\n<p>\u2022 Prepara\u00e7\u00e3o para a morte\/perda da pessoa cuidada:<\/p>\n\n\n\n<ul><li>Atrav\u00e9s de reflex\u00f5es sobre a morte;<\/li><li>Dotar os cuidadores informais com um conjunto de estrat\u00e9gias para um luto menos doloroso;<\/li><li>&nbsp;(Re) Viver e aprender a preencher o \u201cNinho Vazio\u201d<\/li><li>Aprender a viver uma nova realidade;<\/li><li>Acompanhar os CI\u00b4s nas diferentes fases do luto (Nega\u00e7\u00e3o; Raiva; Negocia\u00e7\u00e3o; Depress\u00e3o e Aceita\u00e7\u00e3o);<\/li><li>Ajudar a lidar com cada uma destas fases;<\/li><li>Promover uma escuta ativa junto de um n\u00facleo de amigos e familiares como rede de suporte;<\/li><li>Ajudar a compreender a S\u00edndrome do Ninho Vazio.<\/li><\/ul>\n\n\n\n<p>Este acompanhamento ser\u00e1 realizado pela Equipa Multidisciplinar, 1 vez por m\u00eas durante 12 meses.<\/p>\n\n\n\n<p><em>\u201cSe quiseres poder suportar a vida, fica pronto para aceitar a morte\u201d \u2013 Sigmund Freud<\/em><\/p>\n\n\n\n<p><strong><u>Atividade 6- Vidas Suspensas- (Re) Viver<\/u><\/strong><\/p>\n\n\n\n<p>Nesta atividade procurar-se-\u00e1, em fun\u00e7\u00e3o de cada caso, dar uma nova ocupa\u00e7\u00e3o aos Cuidadores Informais, um novo sentido e vontade de vida. Para tal, ir\u00e3o ser trabalhadas as seguintes din\u00e2micas:<\/p>\n\n\n\n<ul><li>Auxiliar na inser\u00e7\u00e3o no mercado de Trabalho;<\/li><li>Sess\u00f5es de partilha de experi\u00eancias;<\/li><li>Cria\u00e7\u00e3o ou integra\u00e7\u00e3o de um grupo de ex-cuidadores em grupos de promo\u00e7\u00e3o de atividade f\u00edsica.<\/li><\/ul>\n\n\n\n<p><strong><u>Atividade 7 &#8211; SOS Mini-break&nbsp;<\/u><\/strong><\/p>\n\n\n\n<p>Pretende-se com esta atividade criar um momento de descanso para o cuidador, durante 1 a 2 h por m\u00eas, em que a Assistente Pessoal, ficaria com a pessoa cuidada no domic\u00edlio, enquanto o cuidador poder\u00e1 usufruir desse tempo para por exemplo: ir \u00e0s compras, ir ao cabeleireiro, passear, ir ao m\u00e9dico, etc..<\/p>\n\n\n\n<p><strong><u>Atividade 8: Promo\u00e7\u00e3o do Autocuidado no Cuidador<\/u><\/strong><\/p>\n\n\n\n<p>Com a az\u00e1fama das rotinas, da arte de cuidar 24 sob 24 horas, o Autocuidado cai um pouco no esquecimento dos nossos Cuidadores Informais.<\/p>\n\n\n\n<p>Nesta atividade pretendemos trabalhar cinco tem\u00e1ticas que nos parecem extremamente relevantes, das quais se destacam:<\/p>\n\n\n\n<ul><li>Ter h\u00e1bitos saud\u00e1veis de alimenta\u00e7\u00e3o e sono;<\/li><li>Ter momentos de tranquilidade e relaxamento, atrav\u00e9s da consciencializa\u00e7\u00e3o respirat\u00f3ria;<\/li><li>A import\u00e2ncia da autocompaix\u00e3o;&nbsp;&nbsp;<\/li><li>Praticar atividade f\u00edsica.<\/li><\/ul>\n\n\n\n<p>Pretende-se assim implementar uma metodologia de trabalho humanizada, de proximidade centrada nos gostos e vontades dos Cuidadores e das pessoas cuidadas, e que possibilite abranger o maior n\u00famero de Cuidadores Informais poss\u00edvel. Ou seja, pretendemos trabalhar e dotar os cuidadores com tem\u00e1ticas que os mesmos considerem pertinentes no seu dia a dia, de forma a que paulatinamente se consigam inserir cada vez mais em din\u00e2micas promovidas pela sociedade.<\/p>\n\n\n\n<p>Para tal, \u00e9 necess\u00e1rio criar medidas que permitam garantir as necessidades psicossociais do cuidador, pois cuidar daqueles que cuidam diariamente \u00e9 essencial. Algumas dessas medidas passam por motivar os cuidadores informais a investir em momentos de relaxamento, de lazer, momentos que os fa\u00e7am sentir seres \u00fanicos n\u00e3o esquecendo as particularidades de cada um, e reconhecendo as suas necessidades e limita\u00e7\u00f5es devendo procurar ajuda profissional sempre que necess\u00e1rio. &nbsp;<\/p>\n\n\n\n<p>O <strong>(S)Em Retaguarda 2.0<\/strong> tem como entidade implementadora a Associa\u00e7\u00e3o de Promo\u00e7\u00e3o Social, Recreativa, Desportiva e Humanit\u00e1ria de Maceira e \u00e9 desenvolvido com o apoio da iniciativa Portugal Inova\u00e7\u00e3o Social 2030 \u2013 programa Parcerias para a Inova\u00e7\u00e3o Social e conta com a participa\u00e7\u00e3o da C\u00e2mara Municipal de Celorico da Beira, C\u00e2mara Municipal de Fornos de Algodres, C\u00e2mara Municipal de Trancoso e Farm\u00e1cia Portugal Lda. como seus principais investidores sociais.<\/p>\n\n\n\n<div class=\"wp-block-file\"><object class=\"wp-block-file__embed\" data=\"https:\/\/associacaomaceira.pt\/wp-content\/uploads\/2025\/11\/Ficha-de-Operacao-Sem-Retaguarda-2.0.pdf\" type=\"application\/pdf\" style=\"width:100%;height:600px\" aria-label=\"Incorpora\u00e7\u00e3o de Ficha-de-Operacao-Sem-Retaguarda-2.0.\"><\/object><a href=\"https:\/\/associacaomaceira.pt\/wp-content\/uploads\/2025\/11\/Ficha-de-Operacao-Sem-Retaguarda-2.0.pdf\">Ficha-de-Operacao-Sem-Retaguarda-2.0<\/a><a href=\"https:\/\/associacaomaceira.pt\/wp-content\/uploads\/2025\/11\/Ficha-de-Operacao-Sem-Retaguarda-2.0.pdf\" class=\"wp-block-file__button\" download>Descarregar<\/a><\/div>\n\n\n\n<figure class=\"wp-block-image size-large\"><img loading=\"lazy\" width=\"1024\" height=\"95\" src=\"https:\/\/associacaomaceira.pt\/wp-content\/uploads\/2025\/11\/Imagem1-1024x95.png\" alt=\"\" class=\"wp-image-591\" srcset=\"https:\/\/associacaomaceira.pt\/wp-content\/uploads\/2025\/11\/Imagem1-1024x95.png 1024w, https:\/\/associacaomaceira.pt\/wp-content\/uploads\/2025\/11\/Imagem1-300x28.png 300w, https:\/\/associacaomaceira.pt\/wp-content\/uploads\/2025\/11\/Imagem1-768x71.png 768w, https:\/\/associacaomaceira.pt\/wp-content\/uploads\/2025\/11\/Imagem1-1536x142.png 1536w, https:\/\/associacaomaceira.pt\/wp-content\/uploads\/2025\/11\/Imagem1.png 1879w\" sizes=\"(max-width: 1024px) 100vw, 1024px\" \/><\/figure>\n","protected":false},"excerpt":{"rendered":"<p>Projeto (S)Em Retaguarda 2.0 O (S)Em Retaguarda \u00e9 um projeto de interven\u00e7\u00e3o na \u00e1rea da educa\u00e7\u00e3o para a sa\u00fade dirigido a Cuidadores Informais (CIs) de pessoas em condi\u00e7\u00e3o de depend\u00eancia, de forma<a class=\"moretag\" href=\"https:\/\/associacaomaceira.pt\/index.php\/sem-retaguarda-2-0\/\">Read More&#8230;<\/a><\/p>\n","protected":false},"author":1,"featured_media":0,"parent":0,"menu_order":0,"comment_status":"closed","ping_status":"closed","template":"","meta":[],"_links":{"self":[{"href":"https:\/\/associacaomaceira.pt\/index.php\/wp-json\/wp\/v2\/pages\/589"}],"collection":[{"href":"https:\/\/associacaomaceira.pt\/index.php\/wp-json\/wp\/v2\/pages"}],"about":[{"href":"https:\/\/associacaomaceira.pt\/index.php\/wp-json\/wp\/v2\/types\/page"}],"author":[{"embeddable":true,"href":"https:\/\/associacaomaceira.pt\/index.php\/wp-json\/wp\/v2\/users\/1"}],"replies":[{"embeddable":true,"href":"https:\/\/associacaomaceira.pt\/index.php\/wp-json\/wp\/v2\/comments?post=589"}],"version-history":[{"count":2,"href":"https:\/\/associacaomaceira.pt\/index.php\/wp-json\/wp\/v2\/pages\/589\/revisions"}],"predecessor-version":[{"id":664,"href":"https:\/\/associacaomaceira.pt\/index.php\/wp-json\/wp\/v2\/pages\/589\/revisions\/664"}],"wp:attachment":[{"href":"https:\/\/associacaomaceira.pt\/index.php\/wp-json\/wp\/v2\/media?parent=589"}],"curies":[{"name":"wp","href":"https:\/\/api.w.org\/{rel}","templated":true}]}}