{"id":665,"date":"2025-11-20T11:25:19","date_gmt":"2025-11-20T11:25:19","guid":{"rendered":"https:\/\/associacaomaceira.pt\/?page_id=665"},"modified":"2025-11-20T11:25:20","modified_gmt":"2025-11-20T11:25:20","slug":"embaixadores-d-aldeia","status":"publish","type":"page","link":"https:\/\/associacaomaceira.pt\/index.php\/embaixadores-d-aldeia\/","title":{"rendered":"Embaixadores d\u2019 Aldeia"},"content":{"rendered":"\n<p>O projeto <strong><u>Embaixadores d\u2019 Aldeia<\/u><\/strong> surge do potencial de continuidade do projeto Maceira \u2013 Embaixadores d\u2019 Aldeia, numa vertente geograficamente mais alargada, tento como abrang\u00eancia todas as Freguesias e Uni\u00f5es de Freguesias do Munic\u00edpio de Fornos de Algodres.<\/p>\n\n\n\n<p><a><\/a>&nbsp;O objetivo principal \u00e9 combater o despovoamento, o isolamento social e geogr\u00e1fico, a solid\u00e3o e inatividade da popula\u00e7\u00e3o, procurando desenvolver um projeto que esteja centrado nas pessoas e no seu <em>modus vivendi<\/em>. As pessoas da aldeia s\u00e3o os Mestres do saber oral, os tesouros humanos vivos que melhor conhecem o patrim\u00f3nio local e que, ao partilharem o seu saber, as suas hist\u00f3rias, partilham tamb\u00e9m o seu AMOR pela terra. Conhecer um local atrav\u00e9s das pessoas que nele vivem \u00e9 uma experi\u00eancia diferente (e \u00fanica), que n\u00e3o faz parte dos pacotes tur\u00edsticos, mas que, uma vez experimentada, viabiliza uma nova rela\u00e7\u00e3o com o patrim\u00f3nio, e, sobretudo, uma liga\u00e7\u00e3o diferente com o local que se visita.<\/p>\n\n\n\n<p>A cria\u00e7\u00e3o deste projeto evoca a import\u00e2ncia da aquisi\u00e7\u00e3o e transmiss\u00e3o de conhecimentos e saberes populares e, principalmente, a import\u00e2ncia das PESSOAS e do seu apego ao lugar onde t\u00eam as suas ra\u00edzes e onde legitimamente se afirmam como seus EMBAIXADORES. Com eles viaja-se facilmente por um Portugal profundo ao encontro de outras viv\u00eancias e realidades mais genu\u00ednas, ricas em autenticidade.<\/p>\n\n\n\n<p>O <strong><u>Embaixadores D\u2019Aldeia<\/u><\/strong> assenta em 3 pilares fundamentais:<\/p>\n\n\n\n<ul><li>o desenvolvimento de um programa de capacita\u00e7\u00e3o de guias comunit\u00e1rios;<\/li><li>a defini\u00e7\u00e3o e gest\u00e3o de atividades de promo\u00e7\u00e3o tur\u00edstica atrav\u00e9s de din\u00e2micas sustent\u00e1veis de participa\u00e7\u00e3o ativa da comunidade;<\/li><li>a inclus\u00e3o digital como forma de comunica\u00e7\u00e3o e marketing tur\u00edstico inclusivo.<\/li><\/ul>\n\n\n\n<p>Este projeto conta com 3 t\u00e9cnicos que t\u00eam como miss\u00e3o desenvolver\/implementar as seguintes atividades:<\/p>\n\n\n\n<p><strong>ATIVIDADE 1 &#8211; EMBAIXADORES D\u2019ALDEIA<\/strong><\/p>\n\n\n\n<ol type=\"1\"><li>Programa de capacita\u00e7\u00e3o Embaixadores d\u2019Aldeia. Desenvolvimento de a\u00e7\u00f5es de capacita\u00e7\u00e3o Intergeracional para a promo\u00e7\u00e3o de cada aldeia. Trata-se de um programa de transfer\u00eancia de conhecimentos e de aplica\u00e7\u00e3o pr\u00e1tica para os benefici\u00e1rios do projeto, de modo a preparar os mesmos para assumirem a fun\u00e7\u00e3o de Guias\/Embaixadores junto dos visitantes e turistas das aldeias, ajudando-os a descobrir e explorar os principais pontos de interesse e as viv\u00eancias das aldeias.<\/li><li>&nbsp;Rede de alojamentos Embaixadores d\u2019Aldeia. Foco na cria\u00e7\u00e3o de uma oferta tur\u00edstica informal, atrav\u00e9s do conceito de partilha de experi\u00eancias com os turistas. A economia de partilha e experi\u00eancia tem atualmente uma posi\u00e7\u00e3o definida no setor do alojamento tur\u00edstico, tendo uma rede de alojamentos tur\u00edsticos estabelecida no concelho ser\u00e1 muito enriquecedor aliar os operadores tur\u00edsticos a este projeto.<\/li><\/ol>\n\n\n\n<ul><li>Hist\u00f3rias d\u2019aldeia. Recolha de hist\u00f3rias de vida, contos e lendas associadas aos pontos de interesse comunit\u00e1rio e tur\u00edstico. Como exemplos de din\u00e2micas a desenvolver destacamos:<\/li><\/ul>\n\n\n\n<ol type=\"a\"><li>recolher, classificar e editar fotografias antigas em cada aldeia;<ol><li>levar a exposi\u00e7\u00e3o de fotografia antiga \u201cN\u00f3s Somos a Aldeia\u201d a todas as aldeias do concelho.<\/li><\/ol><ol><li>editar livro Hist\u00f3rias d\u2019Aldeia (rostos, relatos, fotografia antiga, etc. de todas as aldeias do concelho);<\/li><\/ol><ol><li>edi\u00e7\u00e3o de s\u00e9ries de postais de fotografias antigas;<\/li><\/ol><ol><li>criar um Mural \u201cN\u00f3s somos a aldeia\u201d em cada uma das aldeias do concelho com fotografias associadas \u00e0 hist\u00f3ria local.<\/li><\/ol><\/li><\/ol>\n\n\n\n<p><strong>ATIVIDADE 2 \u2013 CAMINHOS INCLUSIVOS<\/strong><\/p>\n\n\n\n<ol type=\"1\"><li>Ponto de encontro entre mem\u00f3ria heran\u00e7a e cria\u00e7\u00e3o. Nesta atividade pretende-se trabalhar a informa\u00e7\u00e3o recolhida na atividade 1.3 Hist\u00f3rias d\u2019Aldeia e criar produtos onde se conjugue o patrim\u00f3nio, cultura e turismo na promo\u00e7\u00e3o do envelhecimento ativo atrav\u00e9s da realiza\u00e7\u00e3o de sess\u00f5es coletivas e colaborativas. Para uma melhor visualiza\u00e7\u00e3o do pretendido nesta atividade, apresentamos as seguintes din\u00e2micas a desenvolver: visitas guiadas \u00e0s aldeias orientadas por Embaixadores; recolha, registo e difus\u00e3o de conte\u00fados da tradi\u00e7\u00e3o oral, do \u201csaber fazer\u201d de artes e of\u00edcios e outras manifesta\u00e7\u00f5es culturais do patrim\u00f3nio imaterial; criar a SEMANA DO PATRIM\u00d3NIO; recolha de m\u00fasicas populares infantis; realizar espet\u00e1culo Multim\u00e9dia \u201c(RE)CANTOS DA MINHA INF\u00c2NCIA\u201d itinerante; criar v\u00eddeo \u201cEmbaixadores d\u2019 Aldeia\u201d; realiza\u00e7\u00e3o de workshops de inicia\u00e7\u00e3o \u00e0 fotografia e sa\u00eddas de campo.<\/li><\/ol>\n\n\n\n<ul><li>Teatro \u2013 N\u00f3s somos a Aldeia. Ser\u00e1 materializada atrav\u00e9s de sess\u00f5es de conce\u00e7\u00e3o do gui\u00e3o do teatro, encena\u00e7\u00f5es e produ\u00e7\u00e3o a anima\u00e7\u00e3o do espet\u00e1culo Teatro Vivo.<\/li><\/ul>\n\n\n\n<ul><li>Agri-cultura n\u00e3o \u00e9 para meninos. As fam\u00edlias s\u00e3o convidadas a partilhar a experi\u00eancia da sua horta com os turistas, criando condi\u00e7\u00f5es para a mobilidade e a acessibilidade. Como din\u00e2micas destacamos: criar e desenvolver um programa de capacita\u00e7\u00e3o\/forma\u00e7\u00e3o diversificado; lan\u00e7ar 2\u00aa edi\u00e7\u00e3o do Concurso das Hortas\/ Festival das Hortas; ensinar a produzir os pr\u00f3prios \u201cfito-f\u00e1rmacos\u201d biol\u00f3gicos; workshop \u201cUrtiga para Tot\u00f3s\u201d.<\/li><\/ul>\n\n\n\n<ul><li>Centro popular de artes culin\u00e1rias. Os embaixadores ser\u00e3o convidados a partilhar a sua mesa, a gastronomia e o conv\u00edvio com os turistas. Como din\u00e2micas destacamos: recolha de receitas antigas; dinamizar um Programa de forma\u00e7\u00e3o em Artes Culin\u00e1rias Ancestrais; implementar calend\u00e1rio gastron\u00f3mico 2024 \u2013 2026; lan\u00e7ar Concurso Novos Produtos que tenham a ver com a identidade diferenciadora de cada aldeia; ajudar a registar marcas de produtos de reconhecida qualidade; editar Carta Gastron\u00f3mica do Munic\u00edpio e ditar Livro de receitas e realizar Festival de Sopas \u00e0 base de urtiga.<\/li><\/ul>\n\n\n\n<p><strong>ATIVIDADES 3 &#8211; EMBAIXADORES DIGITAIS<\/strong><\/p>\n\n\n\n<ol type=\"1\"><li>Redes sociais \u2013 FACE E INSTA. Programa de Capacita\u00e7\u00e3o para uso das redes sociais, materializado atrav\u00e9s da realiza\u00e7\u00e3o de sess\u00f5es de capacita\u00e7\u00e3o, demonstra\u00e7\u00e3o e anima\u00e7\u00e3o de redes sociais.<\/li><\/ol>\n\n\n\n<ul><li>Criar o website Embaixadores d\u2019Aldeia, dedicado ao patrim\u00f3nio local, uma plataforma interativa que permitir\u00e1 aceder e trabalhar no arquivo em rede, n\u00e3o s\u00f3 para obter conhecimento sobre o patrim\u00f3nio concelhio.&nbsp;<\/li><\/ul>\n\n\n\n<ul><li>Youtube \u201cN\u00f3s somos a aldeia\u201d. Cria\u00e7\u00e3o e desenvolvimento do canal de Youtube do concelho, com a participa\u00e7\u00e3o da comunidade, materializado atrav\u00e9s da realiza\u00e7\u00e3o de sess\u00f5es de capacita\u00e7\u00e3o, montagem e anima\u00e7\u00e3o do canal digital do concelho.<\/li><\/ul>\n\n\n\n<ul><li>V\u00eddeo N\u00f3s Somos Embaixadores d\u2019Aldeia. Cria\u00e7\u00e3o e produ\u00e7\u00e3o do V\u00eddeo Comunit\u00e1rio \u201cN\u00f3s somos Embaixadores d\u2019Aldeia\u201d, materializada atrav\u00e9s de sess\u00f5es de trabalho\/atividades de cria\u00e7\u00e3o e produ\u00e7\u00e3o de v\u00eddeo.<\/li><\/ul>\n\n\n\n<p>\u201c<strong>Embaixadores D\u2019Aldeia<\/strong>\u201d tem como entidade implementadora a Associa\u00e7\u00e3o de Promo\u00e7\u00e3o Social, Recreativa, Desportiva e Humanit\u00e1ria de Maceira e \u00e9 desenvolvido com o apoio da iniciativa Portugal Inova\u00e7\u00e3o Social 2030 \u2013 programa Parcerias para a Inova\u00e7\u00e3o Social e conta com a participa\u00e7\u00e3o da C\u00e2mara Municipal de Fornos de Algodres, Junta de Freguesia de Fornos de Algodres, Junta de Freguesia de Maceira, Farm\u00e1cia Portugal como seus principais investidores sociais. Para a execu\u00e7\u00e3o do projeto s\u00e3o parceiras todas as Juntas de Freguesia e Uni\u00f5es de Freguesia do concelho, entidades como a Guarda Nacional Republicana atrav\u00e9s do departamento de Programas Especiais, o movimento associativo e escolas.<\/p>\n\n\n\n<div class=\"wp-block-file\"><object class=\"wp-block-file__embed\" data=\"https:\/\/associacaomaceira.pt\/wp-content\/uploads\/2025\/11\/Ficha-de-Operacao-Embaixadores-daldeia.pdf\" type=\"application\/pdf\" style=\"width:100%;height:600px\" aria-label=\"Incorpora\u00e7\u00e3o de Ficha-de-Operacao-Embaixadores-daldeia.\"><\/object><a href=\"https:\/\/associacaomaceira.pt\/wp-content\/uploads\/2025\/11\/Ficha-de-Operacao-Embaixadores-daldeia.pdf\">Ficha-de-Operacao-Embaixadores-daldeia<\/a><a href=\"https:\/\/associacaomaceira.pt\/wp-content\/uploads\/2025\/11\/Ficha-de-Operacao-Embaixadores-daldeia.pdf\" class=\"wp-block-file__button\" download>Descarregar<\/a><\/div>\n\n\n\n<figure class=\"wp-block-image size-large\"><img loading=\"lazy\" width=\"1024\" height=\"93\" src=\"https:\/\/associacaomaceira.pt\/wp-content\/uploads\/2025\/11\/logos-1024x93.png\" alt=\"\" class=\"wp-image-666\" srcset=\"https:\/\/associacaomaceira.pt\/wp-content\/uploads\/2025\/11\/logos-1024x93.png 1024w, https:\/\/associacaomaceira.pt\/wp-content\/uploads\/2025\/11\/logos-300x27.png 300w, https:\/\/associacaomaceira.pt\/wp-content\/uploads\/2025\/11\/logos-768x70.png 768w, https:\/\/associacaomaceira.pt\/wp-content\/uploads\/2025\/11\/logos-1536x140.png 1536w, https:\/\/associacaomaceira.pt\/wp-content\/uploads\/2025\/11\/logos.png 1900w\" sizes=\"(max-width: 1024px) 100vw, 1024px\" \/><\/figure>\n","protected":false},"excerpt":{"rendered":"<p>O projeto Embaixadores d\u2019 Aldeia surge do potencial de continuidade do projeto Maceira \u2013 Embaixadores d\u2019 Aldeia, numa vertente geograficamente mais alargada, tento como abrang\u00eancia todas as Freguesias e Uni\u00f5es de Freguesias<a class=\"moretag\" href=\"https:\/\/associacaomaceira.pt\/index.php\/embaixadores-d-aldeia\/\">Read More&#8230;<\/a><\/p>\n","protected":false},"author":1,"featured_media":0,"parent":0,"menu_order":0,"comment_status":"closed","ping_status":"closed","template":"","meta":[],"_links":{"self":[{"href":"https:\/\/associacaomaceira.pt\/index.php\/wp-json\/wp\/v2\/pages\/665"}],"collection":[{"href":"https:\/\/associacaomaceira.pt\/index.php\/wp-json\/wp\/v2\/pages"}],"about":[{"href":"https:\/\/associacaomaceira.pt\/index.php\/wp-json\/wp\/v2\/types\/page"}],"author":[{"embeddable":true,"href":"https:\/\/associacaomaceira.pt\/index.php\/wp-json\/wp\/v2\/users\/1"}],"replies":[{"embeddable":true,"href":"https:\/\/associacaomaceira.pt\/index.php\/wp-json\/wp\/v2\/comments?post=665"}],"version-history":[{"count":1,"href":"https:\/\/associacaomaceira.pt\/index.php\/wp-json\/wp\/v2\/pages\/665\/revisions"}],"predecessor-version":[{"id":668,"href":"https:\/\/associacaomaceira.pt\/index.php\/wp-json\/wp\/v2\/pages\/665\/revisions\/668"}],"wp:attachment":[{"href":"https:\/\/associacaomaceira.pt\/index.php\/wp-json\/wp\/v2\/media?parent=665"}],"curies":[{"name":"wp","href":"https:\/\/api.w.org\/{rel}","templated":true}]}}